{"id":8742,"date":"2026-04-28T14:23:59","date_gmt":"2026-04-28T14:23:59","guid":{"rendered":"https:\/\/comexbrindes.com.br\/site\/?post_type=product&#038;p=8742"},"modified":"2026-04-28T14:23:59","modified_gmt":"2026-04-28T14:23:59","slug":"mochila-de-ombro-executiva-bx-40070","status":"publish","type":"product","link":"https:\/\/comexbrindes.com.br\/site\/produto\/mochila-de-ombro-executiva-bx-40070\/","title":{"rendered":"MOCHILA DE OMBRO, EXECUTIVA &#8211; BX.40070"},"content":{"rendered":"<ul>\n<li>Mochila de ombro, executiva, para notebook 15,6&#8243;<\/li>\n<li>Em nylon e detalhes em couro sint\u00e9tico<\/li>\n<li>Bolso com faixa refletiva<\/li>\n<li>Divis\u00f3rias internas para acess\u00f3rios<\/li>\n<li>Bolso para tablet e notebook<\/li>\n<li>Bolso antifurto nas costas<\/li>\n<li>Bolso externo na lateral<\/li>\n<li>Conector USB<\/li>\n<li>Al\u00e7a para encaixe em malas de viagem<\/li>\n<li>As al\u00e7as possuem bolsos integrados para suporte de \u00f3culos e cart\u00f5es<\/li>\n<li>Capacidade 25L<\/li>\n<li><strong>Tamanho:<\/strong> 42 x 22,5 x 13 cm<\/li>\n<li><strong>Grava\u00e7\u00e3o<\/strong> bordado, 1 posi\u00e7\u00e3o<\/li>\n<\/ul>\n<p>&nbsp;<\/p>\n","protected":false},"excerpt":{"rendered":"<p>Mochila de ombro, executiva, para notebook 15,6&#8243; Em nylon e detalhes em couro sint\u00e9tico Bolso com faixa refletiva Divis\u00f3rias internas para acess\u00f3rios Bolso para tablet e notebook Bolso antifurto nas costas Bolso externo na lateral Conector USB Al\u00e7a para encaixe em malas de viagem As al\u00e7as possuem bolsos integrados para suporte de \u00f3culos e cart\u00f5es [&hellip;]<\/p>\n","protected":false},"featured_media":8744,"template":"","meta":[],"product_cat":[68],"product_tag":[],"class_list":{"0":"post-8742","1":"product","2":"type-product","3":"status-publish","4":"has-post-thumbnail","6":"product_cat-malas-mochilas","8":"first","9":"instock","10":"shipping-taxable","11":"product-type-simple"},"_links":{"self":[{"href":"https:\/\/comexbrindes.com.br\/site\/wp-json\/wp\/v2\/product\/8742","targetHints":{"allow":["GET"]}}],"collection":[{"href":"https:\/\/comexbrindes.com.br\/site\/wp-json\/wp\/v2\/product"}],"about":[{"href":"https:\/\/comexbrindes.com.br\/site\/wp-json\/wp\/v2\/types\/product"}],"version-history":[{"count":1,"href":"https:\/\/comexbrindes.com.br\/site\/wp-json\/wp\/v2\/product\/8742\/revisions"}],"predecessor-version":[{"id":8745,"href":"https:\/\/comexbrindes.com.br\/site\/wp-json\/wp\/v2\/product\/8742\/revisions\/8745"}],"wp:featuredmedia":[{"embeddable":true,"href":"https:\/\/comexbrindes.com.br\/site\/wp-json\/wp\/v2\/media\/8744"}],"wp:attachment":[{"href":"https:\/\/comexbrindes.com.br\/site\/wp-json\/wp\/v2\/media?parent=8742"}],"wp:term":[{"taxonomy":"product_cat","embeddable":true,"href":"https:\/\/comexbrindes.com.br\/site\/wp-json\/wp\/v2\/product_cat?post=8742"},{"taxonomy":"product_tag","embeddable":true,"href":"https:\/\/comexbrindes.com.br\/site\/wp-json\/wp\/v2\/product_tag?post=8742"}],"curies":[{"name":"wp","href":"https:\/\/api.w.org\/{rel}","templated":true}]}}