{"id":8702,"date":"2026-04-28T11:59:45","date_gmt":"2026-04-28T11:59:45","guid":{"rendered":"https:\/\/comexbrindes.com.br\/site\/?post_type=product&#038;p=8702"},"modified":"2026-05-12T18:52:00","modified_gmt":"2026-05-12T18:52:00","slug":"mochila-de-ombro-156-poliester-divisorias-as-044-cm","status":"publish","type":"product","link":"https:\/\/comexbrindes.com.br\/site\/produto\/mochila-de-ombro-156-poliester-divisorias-as-044-cm\/","title":{"rendered":"23 MOCHILA DE OMBRO, POLI\u00c9STER &#8211; AS.044-CM"},"content":{"rendered":"<ul>\n<li>Mochila de ombro para <strong>notebook 15,6&#8243;<\/strong><\/li>\n<li>Poli\u00e9ster alta resist\u00eancia e durabilidade<\/li>\n<li>2 bolsos frontais com z\u00edper<\/li>\n<li>2 bolsos laterais<\/li>\n<li>Conector USB<\/li>\n<li>Al\u00e7a de m\u00e3o e de ombro acolchoadas<\/li>\n<li>Capacidade 27L<\/li>\n<li><strong>Tamanho:<\/strong> 47 x 32 x 18 cm<\/li>\n<li><strong>Grava\u00e7\u00e3o<\/strong> bordado<\/li>\n<\/ul>\n<p>&nbsp;<\/p>\n","protected":false},"excerpt":{"rendered":"<p>Mochila de ombro para notebook 15,6&#8243; Poli\u00e9ster alta resist\u00eancia e durabilidade 2 bolsos frontais com z\u00edper 2 bolsos laterais Conector USB Al\u00e7a de m\u00e3o e de ombro acolchoadas Capacidade 27L Tamanho: 47 x 32 x 18 cm Grava\u00e7\u00e3o bordado &nbsp;<\/p>\n","protected":false},"featured_media":8703,"template":"","meta":[],"product_cat":[96],"product_tag":[],"class_list":{"0":"post-8702","1":"product","2":"type-product","3":"status-publish","4":"has-post-thumbnail","6":"product_cat-mochilas-malas-e-viagem","8":"first","9":"instock","10":"shipping-taxable","11":"product-type-simple"},"_links":{"self":[{"href":"https:\/\/comexbrindes.com.br\/site\/wp-json\/wp\/v2\/product\/8702","targetHints":{"allow":["GET"]}}],"collection":[{"href":"https:\/\/comexbrindes.com.br\/site\/wp-json\/wp\/v2\/product"}],"about":[{"href":"https:\/\/comexbrindes.com.br\/site\/wp-json\/wp\/v2\/types\/product"}],"version-history":[{"count":4,"href":"https:\/\/comexbrindes.com.br\/site\/wp-json\/wp\/v2\/product\/8702\/revisions"}],"predecessor-version":[{"id":8727,"href":"https:\/\/comexbrindes.com.br\/site\/wp-json\/wp\/v2\/product\/8702\/revisions\/8727"}],"wp:featuredmedia":[{"embeddable":true,"href":"https:\/\/comexbrindes.com.br\/site\/wp-json\/wp\/v2\/media\/8703"}],"wp:attachment":[{"href":"https:\/\/comexbrindes.com.br\/site\/wp-json\/wp\/v2\/media?parent=8702"}],"wp:term":[{"taxonomy":"product_cat","embeddable":true,"href":"https:\/\/comexbrindes.com.br\/site\/wp-json\/wp\/v2\/product_cat?post=8702"},{"taxonomy":"product_tag","embeddable":true,"href":"https:\/\/comexbrindes.com.br\/site\/wp-json\/wp\/v2\/product_tag?post=8702"}],"curies":[{"name":"wp","href":"https:\/\/api.w.org\/{rel}","templated":true}]}}