{"id":8428,"date":"2026-02-09T12:43:25","date_gmt":"2026-02-09T12:43:25","guid":{"rendered":"https:\/\/comexbrindes.com.br\/site\/?post_type=product&#038;p=8428"},"modified":"2026-02-09T12:47:33","modified_gmt":"2026-02-09T12:47:33","slug":"caneta-esfero-metal-ponteira-e-clip-plastico-preto-touch-bx-19180","status":"publish","type":"product","link":"https:\/\/comexbrindes.com.br\/site\/produto\/caneta-esfero-metal-ponteira-e-clip-plastico-preto-touch-bx-19180\/","title":{"rendered":"09 &#8211; CANETA ESFERO METAL, PONTEIRA E CLIP PL\u00c1STICO PRETO, TOUCH &#8211; BX.19180"},"content":{"rendered":"<ul>\n<li>Caneta esfero metal<\/li>\n<li>Touch<\/li>\n<li>Ponteira e clip em pl\u00e1stico preto<\/li>\n<li><strong>Grava\u00e7\u00e3o<\/strong> laser, 1 lado<\/li>\n<li><strong>Cores:<\/strong> vermelho, azul, preto, branco, champagne, chumbo, dourado, marrom e prata<\/li>\n<li><strong>Tamanho: <\/strong>14 x 1,5 cm<\/li>\n<\/ul>\n","protected":false},"excerpt":{"rendered":"<p>Caneta esfero metal Touch Ponteira e clip em pl\u00e1stico preto Grava\u00e7\u00e3o laser, 1 lado Cores: vermelho, azul, preto, branco, champagne, chumbo, dourado, marrom e prata Tamanho: 14 x 1,5 cm<\/p>\n","protected":false},"featured_media":8430,"template":"","meta":[],"product_cat":[71],"product_tag":[],"class_list":{"0":"post-8428","1":"product","2":"type-product","3":"status-publish","4":"has-post-thumbnail","6":"product_cat-canetas-metal","8":"first","9":"instock","10":"shipping-taxable","11":"product-type-simple"},"_links":{"self":[{"href":"https:\/\/comexbrindes.com.br\/site\/wp-json\/wp\/v2\/product\/8428","targetHints":{"allow":["GET"]}}],"collection":[{"href":"https:\/\/comexbrindes.com.br\/site\/wp-json\/wp\/v2\/product"}],"about":[{"href":"https:\/\/comexbrindes.com.br\/site\/wp-json\/wp\/v2\/types\/product"}],"version-history":[{"count":4,"href":"https:\/\/comexbrindes.com.br\/site\/wp-json\/wp\/v2\/product\/8428\/revisions"}],"predecessor-version":[{"id":8434,"href":"https:\/\/comexbrindes.com.br\/site\/wp-json\/wp\/v2\/product\/8428\/revisions\/8434"}],"wp:featuredmedia":[{"embeddable":true,"href":"https:\/\/comexbrindes.com.br\/site\/wp-json\/wp\/v2\/media\/8430"}],"wp:attachment":[{"href":"https:\/\/comexbrindes.com.br\/site\/wp-json\/wp\/v2\/media?parent=8428"}],"wp:term":[{"taxonomy":"product_cat","embeddable":true,"href":"https:\/\/comexbrindes.com.br\/site\/wp-json\/wp\/v2\/product_cat?post=8428"},{"taxonomy":"product_tag","embeddable":true,"href":"https:\/\/comexbrindes.com.br\/site\/wp-json\/wp\/v2\/product_tag?post=8428"}],"curies":[{"name":"wp","href":"https:\/\/api.w.org\/{rel}","templated":true}]}}