{"id":8363,"date":"2026-02-04T17:46:34","date_gmt":"2026-02-04T17:46:34","guid":{"rendered":"https:\/\/comexbrindes.com.br\/site\/?post_type=product&#038;p=8363"},"modified":"2026-02-04T17:47:46","modified_gmt":"2026-02-04T17:47:46","slug":"necessaire-em-couro-sintetico-alca-ziper-bx-22091","status":"publish","type":"product","link":"https:\/\/comexbrindes.com.br\/site\/produto\/necessaire-em-couro-sintetico-alca-ziper-bx-22091\/","title":{"rendered":"04 NECESSAIRE EM COURO SINT\u00c9TICO, AL\u00c7A, Z\u00cdPER &#8211; BX.22091"},"content":{"rendered":"<ul>\n<li>Necess\u00e1ire couro sint\u00e9tico<\/li>\n<li>Al\u00e7a lateral<\/li>\n<li>Z\u00edper<\/li>\n<li>Bolso frontal<\/li>\n<li><strong>Cores:<\/strong> preto, cinza, verde e azul<\/li>\n<li><strong>Grava\u00e7\u00e3o<\/strong> tampografia 1 cor, 1 lado<\/li>\n<li><strong>Tamanho:<\/strong> 14 x 24 x 9,5 cm<\/li>\n<li>Embalagem saco pl\u00e1stico<\/li>\n<\/ul>\n","protected":false},"excerpt":{"rendered":"<p>Necess\u00e1ire couro sint\u00e9tico Al\u00e7a lateral Z\u00edper Bolso frontal Cores: preto, cinza, verde e azul Grava\u00e7\u00e3o tampografia 1 cor, 1 lado Tamanho: 14 x 24 x 9,5 cm Embalagem saco pl\u00e1stico<\/p>\n","protected":false},"featured_media":8365,"template":"","meta":[],"product_cat":[67],"product_tag":[],"class_list":{"0":"post-8363","1":"product","2":"type-product","3":"status-publish","4":"has-post-thumbnail","6":"product_cat-linha-mulher","8":"first","9":"instock","10":"shipping-taxable","11":"product-type-simple"},"_links":{"self":[{"href":"https:\/\/comexbrindes.com.br\/site\/wp-json\/wp\/v2\/product\/8363","targetHints":{"allow":["GET"]}}],"collection":[{"href":"https:\/\/comexbrindes.com.br\/site\/wp-json\/wp\/v2\/product"}],"about":[{"href":"https:\/\/comexbrindes.com.br\/site\/wp-json\/wp\/v2\/types\/product"}],"version-history":[{"count":2,"href":"https:\/\/comexbrindes.com.br\/site\/wp-json\/wp\/v2\/product\/8363\/revisions"}],"predecessor-version":[{"id":8367,"href":"https:\/\/comexbrindes.com.br\/site\/wp-json\/wp\/v2\/product\/8363\/revisions\/8367"}],"wp:featuredmedia":[{"embeddable":true,"href":"https:\/\/comexbrindes.com.br\/site\/wp-json\/wp\/v2\/media\/8365"}],"wp:attachment":[{"href":"https:\/\/comexbrindes.com.br\/site\/wp-json\/wp\/v2\/media?parent=8363"}],"wp:term":[{"taxonomy":"product_cat","embeddable":true,"href":"https:\/\/comexbrindes.com.br\/site\/wp-json\/wp\/v2\/product_cat?post=8363"},{"taxonomy":"product_tag","embeddable":true,"href":"https:\/\/comexbrindes.com.br\/site\/wp-json\/wp\/v2\/product_tag?post=8363"}],"curies":[{"name":"wp","href":"https:\/\/api.w.org\/{rel}","templated":true}]}}