{"id":8151,"date":"2026-01-22T12:09:33","date_gmt":"2026-01-22T12:09:33","guid":{"rendered":"https:\/\/comexbrindes.com.br\/site\/?post_type=product&#038;p=8151"},"modified":"2026-01-27T12:39:04","modified_gmt":"2026-01-27T12:39:04","slug":"caneca-ceramica-330-ml-branca-interior-e-alca-coloridas-bx-28231","status":"publish","type":"product","link":"https:\/\/comexbrindes.com.br\/site\/produto\/caneca-ceramica-330-ml-branca-interior-e-alca-coloridas-bx-28231\/","title":{"rendered":"06 CANECA CER\u00c2MICA, 330 ML, BRANCA, INTERIOR E AL\u00c7A COLORIDAS &#8211; BX.28231"},"content":{"rendered":"<ul>\n<li>Caneca cer\u00e2mica, 330 ml<\/li>\n<li>Branca, interior e al\u00e7a coloridas<\/li>\n<li><strong>Cores:<\/strong> verde escuro, verde claro, amarelo, laranja, vermelho, azul claro, azul escuro, branca<\/li>\n<li><strong>Tamanho:<\/strong>\u00a09,6 x 11,8 cm<\/li>\n<li><strong>Grava\u00e7\u00e3o<\/strong> sublima\u00e7\u00e3o, cores, 2 lados<\/li>\n<li>Caixa com 36 un<\/li>\n<\/ul>\n","protected":false},"excerpt":{"rendered":"<p>Caneca cer\u00e2mica, 330 ml Branca, interior e al\u00e7a coloridas Cores: verde escuro, verde claro, amarelo, laranja, vermelho, azul claro, azul escuro, branca Tamanho:\u00a09,6 x 11,8 cm Grava\u00e7\u00e3o sublima\u00e7\u00e3o, cores, 2 lados Caixa com 36 un<\/p>\n","protected":false},"featured_media":8153,"template":"","meta":[],"product_cat":[50],"product_tag":[],"class_list":{"0":"post-8151","1":"product","2":"type-product","3":"status-publish","4":"has-post-thumbnail","6":"product_cat-copos-e-canecas","8":"first","9":"instock","10":"shipping-taxable","11":"product-type-simple"},"_links":{"self":[{"href":"https:\/\/comexbrindes.com.br\/site\/wp-json\/wp\/v2\/product\/8151","targetHints":{"allow":["GET"]}}],"collection":[{"href":"https:\/\/comexbrindes.com.br\/site\/wp-json\/wp\/v2\/product"}],"about":[{"href":"https:\/\/comexbrindes.com.br\/site\/wp-json\/wp\/v2\/types\/product"}],"version-history":[{"count":2,"href":"https:\/\/comexbrindes.com.br\/site\/wp-json\/wp\/v2\/product\/8151\/revisions"}],"predecessor-version":[{"id":8284,"href":"https:\/\/comexbrindes.com.br\/site\/wp-json\/wp\/v2\/product\/8151\/revisions\/8284"}],"wp:featuredmedia":[{"embeddable":true,"href":"https:\/\/comexbrindes.com.br\/site\/wp-json\/wp\/v2\/media\/8153"}],"wp:attachment":[{"href":"https:\/\/comexbrindes.com.br\/site\/wp-json\/wp\/v2\/media?parent=8151"}],"wp:term":[{"taxonomy":"product_cat","embeddable":true,"href":"https:\/\/comexbrindes.com.br\/site\/wp-json\/wp\/v2\/product_cat?post=8151"},{"taxonomy":"product_tag","embeddable":true,"href":"https:\/\/comexbrindes.com.br\/site\/wp-json\/wp\/v2\/product_tag?post=8151"}],"curies":[{"name":"wp","href":"https:\/\/api.w.org\/{rel}","templated":true}]}}

06 CANECA CERÂMICA, 330 ML, BRANCA, INTERIOR E ALÇA COLORIDAS &#8211; BX.28231

<ul>
<li>Caneca cerâmica, 330 ml</li>
<li>Branca, interior e alça coloridas</li>
<li><strong>Cores:</strong> verde escuro, verde claro, amarelo, laranja, vermelho, azul claro, azul escuro, branca</li>
<li><strong>Tamanho:</strong> 9,6 x 11,8 cm</li>
<li><strong>Gravação</strong> sublimação, cores, 2 lados</li>
<li>Caixa com 36 un</li>
</ul>

<p>Caneca cerâmica, 330 ml Branca, interior e alça coloridas Cores: verde escuro, verde claro, amarelo, laranja, vermelho, azul claro, azul escuro, branca Tamanho: 9,6 x 11,8 cm Gravação sublimação, cores, 2 lados Caixa com 36 un</p>
