{"id":8133,"date":"2026-01-09T12:32:50","date_gmt":"2026-01-09T12:32:50","guid":{"rendered":"https:\/\/comexbrindes.com.br\/site\/?post_type=product&#038;p=8133"},"modified":"2026-01-09T12:34:05","modified_gmt":"2026-01-09T12:34:05","slug":"caneca-plastica-375-ml-tampa-revestimento-externo-em-inox-bx-51091","status":"publish","type":"product","link":"https:\/\/comexbrindes.com.br\/site\/produto\/caneca-plastica-375-ml-tampa-revestimento-externo-em-inox-bx-51091\/","title":{"rendered":"05 CANECA PL\u00c1STICA, 375 ML, TAMPA,  REVESTIMENTO EXTERNO EM INOX &#8211; BX.51091"},"content":{"rendered":"<ul>\n<li>Caneca pl\u00e1stica, 375 ml<\/li>\n<li>Revestimento externo em inox que reduz o contato direto com a temperatura dos l\u00edquidos.<\/li>\n<li>Tampa pl\u00e1stica com bocal e trava de seguran\u00e7a<\/li>\n<li>Base emborrachada antiderrapante<\/li>\n<li><strong>Tamanho:<\/strong> 12,3 x 12,4 cm<\/li>\n<li><strong>Cores:<\/strong> azul, preto, vermelho, branco<\/li>\n<li><strong>Grava\u00e7\u00e3o<\/strong> tampografia 1 cor, 1 lado<\/li>\n<\/ul>\n","protected":false},"excerpt":{"rendered":"<p>Caneca pl\u00e1stica, 375 ml Revestimento externo em inox que reduz o contato direto com a temperatura dos l\u00edquidos. Tampa pl\u00e1stica com bocal e trava de seguran\u00e7a Base emborrachada antiderrapante Tamanho: 12,3 x 12,4 cm Cores: azul, preto, vermelho, branco Grava\u00e7\u00e3o tampografia 1 cor, 1 lado<\/p>\n","protected":false},"featured_media":8135,"template":"","meta":[],"product_cat":[50],"product_tag":[],"class_list":{"0":"post-8133","1":"product","2":"type-product","3":"status-publish","4":"has-post-thumbnail","6":"product_cat-copos-e-canecas","8":"first","9":"instock","10":"shipping-taxable","11":"product-type-simple"},"_links":{"self":[{"href":"https:\/\/comexbrindes.com.br\/site\/wp-json\/wp\/v2\/product\/8133","targetHints":{"allow":["GET"]}}],"collection":[{"href":"https:\/\/comexbrindes.com.br\/site\/wp-json\/wp\/v2\/product"}],"about":[{"href":"https:\/\/comexbrindes.com.br\/site\/wp-json\/wp\/v2\/types\/product"}],"version-history":[{"count":2,"href":"https:\/\/comexbrindes.com.br\/site\/wp-json\/wp\/v2\/product\/8133\/revisions"}],"predecessor-version":[{"id":8137,"href":"https:\/\/comexbrindes.com.br\/site\/wp-json\/wp\/v2\/product\/8133\/revisions\/8137"}],"wp:featuredmedia":[{"embeddable":true,"href":"https:\/\/comexbrindes.com.br\/site\/wp-json\/wp\/v2\/media\/8135"}],"wp:attachment":[{"href":"https:\/\/comexbrindes.com.br\/site\/wp-json\/wp\/v2\/media?parent=8133"}],"wp:term":[{"taxonomy":"product_cat","embeddable":true,"href":"https:\/\/comexbrindes.com.br\/site\/wp-json\/wp\/v2\/product_cat?post=8133"},{"taxonomy":"product_tag","embeddable":true,"href":"https:\/\/comexbrindes.com.br\/site\/wp-json\/wp\/v2\/product_tag?post=8133"}],"curies":[{"name":"wp","href":"https:\/\/api.w.org\/{rel}","templated":true}]}}