{"id":7749,"date":"2025-10-15T12:24:16","date_gmt":"2025-10-15T12:24:16","guid":{"rendered":"https:\/\/comexbrindes.com.br\/site\/?post_type=product&#038;p=7749"},"modified":"2026-01-21T12:47:52","modified_gmt":"2026-01-21T12:47:52","slug":"fone-de-ouvido-bt-5-3-com-estojo-alta-qualidade-cancelamento-de-ruidos-003-swt","status":"publish","type":"product","link":"https:\/\/comexbrindes.com.br\/site\/produto\/fone-de-ouvido-bt-5-3-com-estojo-alta-qualidade-cancelamento-de-ruidos-003-swt\/","title":{"rendered":"FONE DE OUVIDO, CANCELAMENTO DE RU\u00cdDOS &#8211; KM.003.SWT"},"content":{"rendered":"<ul>\n<li>Fone de ouvido BT5.3 com estojo<\/li>\n<li>Cancelamento de ru\u00eddos, conex\u00e3o est\u00e1vel e de alta qualidade<\/li>\n<li>Capacidade de bateria 3,7V<\/li>\n<li>Possui bot\u00f5es de controle touch<\/li>\n<li>Atendimento de chamadas telef\u00f4nicas<\/li>\n<li>Bateria: 5 horas (fone) + 20 horas (estojo)<\/li>\n<li>Magn\u00e9tico<\/li>\n<li><strong>Dimens\u00f5es estojo:<\/strong> 2,1 x 4,6 x 5,4 cm<\/li>\n<li><strong>Grava\u00e7\u00e3o<\/strong> tampografia 1 cor<\/li>\n<\/ul>\n","protected":false},"excerpt":{"rendered":"<p>Fone de ouvido BT5.3 com estojo Cancelamento de ru\u00eddos, conex\u00e3o est\u00e1vel e de alta qualidade Capacidade de bateria 3,7V Possui bot\u00f5es de controle touch Atendimento de chamadas telef\u00f4nicas Bateria: 5 horas (fone) + 20 horas (estojo) Magn\u00e9tico Dimens\u00f5es estojo: 2,1 x 4,6 x 5,4 cm Grava\u00e7\u00e3o tampografia 1 cor<\/p>\n","protected":false},"featured_media":7751,"template":"","meta":[],"product_cat":[51],"product_tag":[],"class_list":{"0":"post-7749","1":"product","2":"type-product","3":"status-publish","4":"has-post-thumbnail","6":"product_cat-eletronicos","8":"first","9":"instock","10":"shipping-taxable","11":"product-type-simple"},"_links":{"self":[{"href":"https:\/\/comexbrindes.com.br\/site\/wp-json\/wp\/v2\/product\/7749","targetHints":{"allow":["GET"]}}],"collection":[{"href":"https:\/\/comexbrindes.com.br\/site\/wp-json\/wp\/v2\/product"}],"about":[{"href":"https:\/\/comexbrindes.com.br\/site\/wp-json\/wp\/v2\/types\/product"}],"version-history":[{"count":4,"href":"https:\/\/comexbrindes.com.br\/site\/wp-json\/wp\/v2\/product\/7749\/revisions"}],"predecessor-version":[{"id":8146,"href":"https:\/\/comexbrindes.com.br\/site\/wp-json\/wp\/v2\/product\/7749\/revisions\/8146"}],"wp:featuredmedia":[{"embeddable":true,"href":"https:\/\/comexbrindes.com.br\/site\/wp-json\/wp\/v2\/media\/7751"}],"wp:attachment":[{"href":"https:\/\/comexbrindes.com.br\/site\/wp-json\/wp\/v2\/media?parent=7749"}],"wp:term":[{"taxonomy":"product_cat","embeddable":true,"href":"https:\/\/comexbrindes.com.br\/site\/wp-json\/wp\/v2\/product_cat?post=7749"},{"taxonomy":"product_tag","embeddable":true,"href":"https:\/\/comexbrindes.com.br\/site\/wp-json\/wp\/v2\/product_tag?post=7749"}],"curies":[{"name":"wp","href":"https:\/\/api.w.org\/{rel}","templated":true}]}}