{"id":7725,"date":"2025-10-10T19:09:43","date_gmt":"2025-10-10T19:09:43","guid":{"rendered":"https:\/\/comexbrindes.com.br\/site\/?post_type=product&#038;p=7725"},"modified":"2026-02-06T13:33:35","modified_gmt":"2026-02-06T13:33:35","slug":"espelho-de-bolsa-duplo-revestido-em-pu-fecho-magnetico-zbx-03831","status":"publish","type":"product","link":"https:\/\/comexbrindes.com.br\/site\/produto\/espelho-de-bolsa-duplo-revestido-em-pu-fecho-magnetico-zbx-03831\/","title":{"rendered":"03 ESPELHO DE BOLSA DUPLO, REVESTIDO EM PU &#8211; BX.03881"},"content":{"rendered":"<ul>\n<li>Espelho de bolsa duplo revestimento PU com fecho magn\u00e9tico<\/li>\n<li>Fornecido em saco pl\u00e1stico<\/li>\n<li><strong>Tamanho:<\/strong> \u00f87,3 x 2,5 cm<\/li>\n<li><strong>Cores:<\/strong> branco, amarelo, rosa e roxo<\/li>\n<li><strong>Grava\u00e7\u00e3o:<\/strong> Tampografia um lado em uma cor<\/li>\n<\/ul>\n<p>&nbsp;<\/p>\n","protected":false},"excerpt":{"rendered":"<p>Espelho de bolsa duplo revestimento PU com fecho magn\u00e9tico Fornecido em saco pl\u00e1stico Tamanho: \u00f87,3 x 2,5 cm Cores: branco, amarelo, rosa e roxo Grava\u00e7\u00e3o: Tampografia um lado em uma cor &nbsp;<\/p>\n","protected":false},"featured_media":7727,"template":"","meta":[],"product_cat":[67],"product_tag":[],"class_list":{"0":"post-7725","1":"product","2":"type-product","3":"status-publish","4":"has-post-thumbnail","6":"product_cat-linha-mulher","8":"first","9":"instock","10":"shipping-taxable","11":"product-type-simple"},"_links":{"self":[{"href":"https:\/\/comexbrindes.com.br\/site\/wp-json\/wp\/v2\/product\/7725","targetHints":{"allow":["GET"]}}],"collection":[{"href":"https:\/\/comexbrindes.com.br\/site\/wp-json\/wp\/v2\/product"}],"about":[{"href":"https:\/\/comexbrindes.com.br\/site\/wp-json\/wp\/v2\/types\/product"}],"version-history":[{"count":8,"href":"https:\/\/comexbrindes.com.br\/site\/wp-json\/wp\/v2\/product\/7725\/revisions"}],"predecessor-version":[{"id":8397,"href":"https:\/\/comexbrindes.com.br\/site\/wp-json\/wp\/v2\/product\/7725\/revisions\/8397"}],"wp:featuredmedia":[{"embeddable":true,"href":"https:\/\/comexbrindes.com.br\/site\/wp-json\/wp\/v2\/media\/7727"}],"wp:attachment":[{"href":"https:\/\/comexbrindes.com.br\/site\/wp-json\/wp\/v2\/media?parent=7725"}],"wp:term":[{"taxonomy":"product_cat","embeddable":true,"href":"https:\/\/comexbrindes.com.br\/site\/wp-json\/wp\/v2\/product_cat?post=7725"},{"taxonomy":"product_tag","embeddable":true,"href":"https:\/\/comexbrindes.com.br\/site\/wp-json\/wp\/v2\/product_tag?post=7725"}],"curies":[{"name":"wp","href":"https:\/\/api.w.org\/{rel}","templated":true}]}}