{"id":7687,"date":"2025-08-29T20:19:37","date_gmt":"2025-08-29T20:19:37","guid":{"rendered":"https:\/\/comexbrindes.com.br\/site\/?post_type=product&#038;p=7687"},"modified":"2026-01-26T19:18:32","modified_gmt":"2026-01-26T19:18:32","slug":"conjunto-churrasco-3-pecas-cabos-em-polipropileno-embalagem-blister-705j-hcf","status":"publish","type":"product","link":"https:\/\/comexbrindes.com.br\/site\/produto\/conjunto-churrasco-3-pecas-cabos-em-polipropileno-embalagem-blister-705j-hcf\/","title":{"rendered":"17 CONJUNTO CHURRASCO, 3 PE\u00c7AS, EMBALAGEM BLISTER &#8211; HK.705J"},"content":{"rendered":"<ul>\n<li>Conjunto churrasco<\/li>\n<li>Faca 8&#8243;, garf\u00e3o e chaira, inox<\/li>\n<li>Cabo em polipropileno preto<\/li>\n<li>Grava\u00e7\u00e3o laser na faca, 1 lado<\/li>\n<li>Embalagem blister<\/li>\n<\/ul>\n","protected":false},"excerpt":{"rendered":"<p>Conjunto churrasco Faca 8&#8243;, garf\u00e3o e chaira, inox Cabo em polipropileno preto Grava\u00e7\u00e3o laser na faca, 1 lado Embalagem blister<\/p>\n","protected":false},"featured_media":7699,"template":"","meta":[],"product_cat":[64],"product_tag":[],"class_list":{"0":"post-7687","1":"product","2":"type-product","3":"status-publish","4":"has-post-thumbnail","6":"product_cat-churrasco","8":"first","9":"instock","10":"shipping-taxable","11":"product-type-simple"},"_links":{"self":[{"href":"https:\/\/comexbrindes.com.br\/site\/wp-json\/wp\/v2\/product\/7687","targetHints":{"allow":["GET"]}}],"collection":[{"href":"https:\/\/comexbrindes.com.br\/site\/wp-json\/wp\/v2\/product"}],"about":[{"href":"https:\/\/comexbrindes.com.br\/site\/wp-json\/wp\/v2\/types\/product"}],"version-history":[{"count":5,"href":"https:\/\/comexbrindes.com.br\/site\/wp-json\/wp\/v2\/product\/7687\/revisions"}],"predecessor-version":[{"id":8275,"href":"https:\/\/comexbrindes.com.br\/site\/wp-json\/wp\/v2\/product\/7687\/revisions\/8275"}],"wp:featuredmedia":[{"embeddable":true,"href":"https:\/\/comexbrindes.com.br\/site\/wp-json\/wp\/v2\/media\/7699"}],"wp:attachment":[{"href":"https:\/\/comexbrindes.com.br\/site\/wp-json\/wp\/v2\/media?parent=7687"}],"wp:term":[{"taxonomy":"product_cat","embeddable":true,"href":"https:\/\/comexbrindes.com.br\/site\/wp-json\/wp\/v2\/product_cat?post=7687"},{"taxonomy":"product_tag","embeddable":true,"href":"https:\/\/comexbrindes.com.br\/site\/wp-json\/wp\/v2\/product_tag?post=7687"}],"curies":[{"name":"wp","href":"https:\/\/api.w.org\/{rel}","templated":true}]}}