{"id":7463,"date":"2025-08-18T18:25:24","date_gmt":"2025-08-18T18:25:24","guid":{"rendered":"https:\/\/comexbrindes.com.br\/site\/?post_type=product&#038;p=7463"},"modified":"2026-01-23T17:33:01","modified_gmt":"2026-01-23T17:33:01","slug":"caneta-executiva-esfero-metal-touch-zbx-27060","status":"publish","type":"product","link":"https:\/\/comexbrindes.com.br\/site\/produto\/caneta-executiva-esfero-metal-touch-zbx-27060\/","title":{"rendered":"15 CANETA EXECUTIVA ESFERO METAL, TOUCH &#8211; BX.27060"},"content":{"rendered":"<ul>\n<li>Caneta executiva esfero metal.<\/li>\n<li>Touch.<\/li>\n<li>Acionamento por rota\u00e7\u00e3o.<\/li>\n<li><strong>Tamanho:<\/strong> 14,4 x 1,7 cm.<\/li>\n<li><strong>Cores:<\/strong> preto, cinza e branco.<\/li>\n<li><strong>Grava\u00e7\u00e3o<\/strong> laser, 1 lado.<\/li>\n<\/ul>\n","protected":false},"excerpt":{"rendered":"<p>Caneta executiva esfero metal. Touch. Acionamento por rota\u00e7\u00e3o. Tamanho: 14,4 x 1,7 cm. Cores: preto, cinza e branco. Grava\u00e7\u00e3o laser, 1 lado.<\/p>\n","protected":false},"featured_media":7464,"template":"","meta":[],"product_cat":[69,74],"product_tag":[],"class_list":{"0":"post-7463","1":"product","2":"type-product","3":"status-publish","4":"has-post-thumbnail","6":"product_cat-canetas","7":"product_cat-canetas-executivas","9":"first","10":"instock","11":"shipping-taxable","12":"product-type-simple"},"_links":{"self":[{"href":"https:\/\/comexbrindes.com.br\/site\/wp-json\/wp\/v2\/product\/7463","targetHints":{"allow":["GET"]}}],"collection":[{"href":"https:\/\/comexbrindes.com.br\/site\/wp-json\/wp\/v2\/product"}],"about":[{"href":"https:\/\/comexbrindes.com.br\/site\/wp-json\/wp\/v2\/types\/product"}],"version-history":[{"count":5,"href":"https:\/\/comexbrindes.com.br\/site\/wp-json\/wp\/v2\/product\/7463\/revisions"}],"predecessor-version":[{"id":8209,"href":"https:\/\/comexbrindes.com.br\/site\/wp-json\/wp\/v2\/product\/7463\/revisions\/8209"}],"wp:featuredmedia":[{"embeddable":true,"href":"https:\/\/comexbrindes.com.br\/site\/wp-json\/wp\/v2\/media\/7464"}],"wp:attachment":[{"href":"https:\/\/comexbrindes.com.br\/site\/wp-json\/wp\/v2\/media?parent=7463"}],"wp:term":[{"taxonomy":"product_cat","embeddable":true,"href":"https:\/\/comexbrindes.com.br\/site\/wp-json\/wp\/v2\/product_cat?post=7463"},{"taxonomy":"product_tag","embeddable":true,"href":"https:\/\/comexbrindes.com.br\/site\/wp-json\/wp\/v2\/product_tag?post=7463"}],"curies":[{"name":"wp","href":"https:\/\/api.w.org\/{rel}","templated":true}]}}