{"id":7436,"date":"2025-08-15T17:05:39","date_gmt":"2025-08-15T17:05:39","guid":{"rendered":"https:\/\/comexbrindes.com.br\/site\/?post_type=product&#038;p=7436"},"modified":"2026-01-23T17:19:56","modified_gmt":"2026-01-23T17:19:56","slug":"caneta-executiva-esfero-metal-ph-803-cz","status":"publish","type":"product","link":"https:\/\/comexbrindes.com.br\/site\/produto\/caneta-executiva-esfero-metal-ph-803-cz\/","title":{"rendered":"11 CANETA EXECUTIVA ESFERO METAL &#8211; PH.803-CZ"},"content":{"rendered":"<ul>\n<li>Caneta executiva esfero metal.<\/li>\n<li>Cor: somente na cor cinza chumbo.<\/li>\n<li><strong>Tamanho:<\/strong>\u00a014,0 x \u00f81,3 cm.<\/li>\n<li><strong>Grava\u00e7\u00e3o<\/strong> a laser, 1 lado.<\/li>\n<\/ul>\n","protected":false},"excerpt":{"rendered":"<p>Caneta executiva esfero metal. Cor: somente na cor cinza chumbo. Tamanho:\u00a014,0 x \u00f81,3 cm. Grava\u00e7\u00e3o a laser, 1 lado.<\/p>\n","protected":false},"featured_media":7437,"template":"","meta":[],"product_cat":[69,74],"product_tag":[],"class_list":{"0":"post-7436","1":"product","2":"type-product","3":"status-publish","4":"has-post-thumbnail","6":"product_cat-canetas","7":"product_cat-canetas-executivas","9":"first","10":"instock","11":"shipping-taxable","12":"product-type-simple"},"_links":{"self":[{"href":"https:\/\/comexbrindes.com.br\/site\/wp-json\/wp\/v2\/product\/7436","targetHints":{"allow":["GET"]}}],"collection":[{"href":"https:\/\/comexbrindes.com.br\/site\/wp-json\/wp\/v2\/product"}],"about":[{"href":"https:\/\/comexbrindes.com.br\/site\/wp-json\/wp\/v2\/types\/product"}],"version-history":[{"count":4,"href":"https:\/\/comexbrindes.com.br\/site\/wp-json\/wp\/v2\/product\/7436\/revisions"}],"predecessor-version":[{"id":8205,"href":"https:\/\/comexbrindes.com.br\/site\/wp-json\/wp\/v2\/product\/7436\/revisions\/8205"}],"wp:featuredmedia":[{"embeddable":true,"href":"https:\/\/comexbrindes.com.br\/site\/wp-json\/wp\/v2\/media\/7437"}],"wp:attachment":[{"href":"https:\/\/comexbrindes.com.br\/site\/wp-json\/wp\/v2\/media?parent=7436"}],"wp:term":[{"taxonomy":"product_cat","embeddable":true,"href":"https:\/\/comexbrindes.com.br\/site\/wp-json\/wp\/v2\/product_cat?post=7436"},{"taxonomy":"product_tag","embeddable":true,"href":"https:\/\/comexbrindes.com.br\/site\/wp-json\/wp\/v2\/product_tag?post=7436"}],"curies":[{"name":"wp","href":"https:\/\/api.w.org\/{rel}","templated":true}]}}