{"id":7381,"date":"2025-08-14T13:32:11","date_gmt":"2025-08-14T13:32:11","guid":{"rendered":"https:\/\/comexbrindes.com.br\/site\/?post_type=product&#038;p=7381"},"modified":"2026-01-23T17:17:38","modified_gmt":"2026-01-23T17:17:38","slug":"caneta-esfero-metal-as-9110","status":"publish","type":"product","link":"https:\/\/comexbrindes.com.br\/site\/produto\/caneta-esfero-metal-as-9110\/","title":{"rendered":"10 CANETA  ESFERO METAL &#8211; AS.9110"},"content":{"rendered":"<ul>\n<li>Caneta esfero metal.<\/li>\n<li>Corpo de bambu com detalhes em metal.<\/li>\n<li><strong>Tamanho:<\/strong>\u00a014,0 x 1,3 cm.<\/li>\n<li><strong>Grava\u00e7\u00e3o: <\/strong>a laser, uma posi\u00e7\u00e3o.<\/li>\n<\/ul>\n","protected":false},"excerpt":{"rendered":"<p>Caneta esfero metal. Corpo de bambu com detalhes em metal. Tamanho:\u00a014,0 x 1,3 cm. Grava\u00e7\u00e3o: a laser, uma posi\u00e7\u00e3o.<\/p>\n","protected":false},"featured_media":7382,"template":"","meta":[],"product_cat":[69,74],"product_tag":[],"class_list":{"0":"post-7381","1":"product","2":"type-product","3":"status-publish","4":"has-post-thumbnail","6":"product_cat-canetas","7":"product_cat-canetas-executivas","9":"first","10":"instock","11":"shipping-taxable","12":"product-type-simple"},"_links":{"self":[{"href":"https:\/\/comexbrindes.com.br\/site\/wp-json\/wp\/v2\/product\/7381","targetHints":{"allow":["GET"]}}],"collection":[{"href":"https:\/\/comexbrindes.com.br\/site\/wp-json\/wp\/v2\/product"}],"about":[{"href":"https:\/\/comexbrindes.com.br\/site\/wp-json\/wp\/v2\/types\/product"}],"version-history":[{"count":4,"href":"https:\/\/comexbrindes.com.br\/site\/wp-json\/wp\/v2\/product\/7381\/revisions"}],"predecessor-version":[{"id":8204,"href":"https:\/\/comexbrindes.com.br\/site\/wp-json\/wp\/v2\/product\/7381\/revisions\/8204"}],"wp:featuredmedia":[{"embeddable":true,"href":"https:\/\/comexbrindes.com.br\/site\/wp-json\/wp\/v2\/media\/7382"}],"wp:attachment":[{"href":"https:\/\/comexbrindes.com.br\/site\/wp-json\/wp\/v2\/media?parent=7381"}],"wp:term":[{"taxonomy":"product_cat","embeddable":true,"href":"https:\/\/comexbrindes.com.br\/site\/wp-json\/wp\/v2\/product_cat?post=7381"},{"taxonomy":"product_tag","embeddable":true,"href":"https:\/\/comexbrindes.com.br\/site\/wp-json\/wp\/v2\/product_tag?post=7381"}],"curies":[{"name":"wp","href":"https:\/\/api.w.org\/{rel}","templated":true}]}}