{"id":7244,"date":"2025-06-10T16:56:54","date_gmt":"2025-06-10T16:56:54","guid":{"rendered":"https:\/\/comexbrindes.com.br\/site\/?post_type=product&#038;p=7244"},"modified":"2026-01-26T21:01:16","modified_gmt":"2026-01-26T21:01:16","slug":"caneca-termica-inox-parede-dupla-350-ml-zbx-42681","status":"publish","type":"product","link":"https:\/\/comexbrindes.com.br\/site\/produto\/caneca-termica-inox-parede-dupla-350-ml-zbx-42681\/","title":{"rendered":"09 CANECA T\u00c9RMICA INOX, 350 ML &#8211; BX.42681"},"content":{"rendered":"<ul>\n<li class=\"selectable-text copyable-text x15bjb6t x1n2onr6\" dir=\"ltr\">Caneca t\u00e9rmica inox.<\/li>\n<li class=\"selectable-text copyable-text x15bjb6t x1n2onr6\" dir=\"ltr\">Parede dupla.<\/li>\n<li class=\"selectable-text copyable-text x15bjb6t x1n2onr6\" dir=\"ltr\">350 ML<\/li>\n<li dir=\"ltr\">Conserva temperatura por mais tempo.<\/li>\n<li class=\"selectable-text copyable-text x15bjb6t x1n2onr6\" dir=\"ltr\">Al\u00e7a de m\u00e3o pl\u00e1stica tipo mosquet\u00e3o.<\/li>\n<li class=\"selectable-text copyable-text x15bjb6t x1n2onr6\" dir=\"ltr\">Tampa veda\u00e7\u00e3o de silicone e tampa auxiliar abre e fecha que desliza.<\/li>\n<li class=\"selectable-text copyable-text x15bjb6t x1n2onr6\" dir=\"ltr\">Base de apoio em EVA.<\/li>\n<li class=\"selectable-text copyable-text x15bjb6t x1n2onr6\" dir=\"ltr\"><strong><span class=\"selectable-text copyable-text\">Cores: <\/span><\/strong><span class=\"selectable-text copyable-text\">vermelho, prata, <\/span><span class=\"selectable-text copyable-text\">preto e cobre.<\/span><\/li>\n<li class=\"selectable-text copyable-text x15bjb6t x1n2onr6\" dir=\"ltr\"><strong><span class=\"selectable-text copyable-text\">Tamanho:\u00a0<\/span><\/strong><span class=\"selectable-text copyable-text\">12,4cm<\/span><\/li>\n<li class=\"selectable-text copyable-text x15bjb6t x1n2onr6\" dir=\"ltr\"><strong><span class=\"selectable-text copyable-text\">Grava\u00e7\u00e3o: <\/span><\/strong><span class=\"selectable-text copyable-text\">tampografia 1 cor, 1 lado.<\/span><\/li>\n<\/ul>\n<p>&nbsp;<\/p>\n<p>&nbsp;<\/p>\n","protected":false},"excerpt":{"rendered":"<p>Caneca t\u00e9rmica inox. Parede dupla. 350 ML Conserva temperatura por mais tempo. Al\u00e7a de m\u00e3o pl\u00e1stica tipo mosquet\u00e3o. Tampa veda\u00e7\u00e3o de silicone e tampa auxiliar abre e fecha que desliza. Base de apoio em EVA. Cores: vermelho, prata, preto e cobre. Tamanho:\u00a012,4cm Grava\u00e7\u00e3o: tampografia 1 cor, 1 lado. &nbsp; &nbsp;<\/p>\n","protected":false},"featured_media":7246,"template":"","meta":[],"product_cat":[50],"product_tag":[],"class_list":{"0":"post-7244","1":"product","2":"type-product","3":"status-publish","4":"has-post-thumbnail","6":"product_cat-copos-e-canecas","8":"first","9":"instock","10":"shipping-taxable","11":"product-type-simple"},"_links":{"self":[{"href":"https:\/\/comexbrindes.com.br\/site\/wp-json\/wp\/v2\/product\/7244","targetHints":{"allow":["GET"]}}],"collection":[{"href":"https:\/\/comexbrindes.com.br\/site\/wp-json\/wp\/v2\/product"}],"about":[{"href":"https:\/\/comexbrindes.com.br\/site\/wp-json\/wp\/v2\/types\/product"}],"version-history":[{"count":5,"href":"https:\/\/comexbrindes.com.br\/site\/wp-json\/wp\/v2\/product\/7244\/revisions"}],"predecessor-version":[{"id":8281,"href":"https:\/\/comexbrindes.com.br\/site\/wp-json\/wp\/v2\/product\/7244\/revisions\/8281"}],"wp:featuredmedia":[{"embeddable":true,"href":"https:\/\/comexbrindes.com.br\/site\/wp-json\/wp\/v2\/media\/7246"}],"wp:attachment":[{"href":"https:\/\/comexbrindes.com.br\/site\/wp-json\/wp\/v2\/media?parent=7244"}],"wp:term":[{"taxonomy":"product_cat","embeddable":true,"href":"https:\/\/comexbrindes.com.br\/site\/wp-json\/wp\/v2\/product_cat?post=7244"},{"taxonomy":"product_tag","embeddable":true,"href":"https:\/\/comexbrindes.com.br\/site\/wp-json\/wp\/v2\/product_tag?post=7244"}],"curies":[{"name":"wp","href":"https:\/\/api.w.org\/{rel}","templated":true}]}}