{"id":7051,"date":"2025-05-27T11:54:43","date_gmt":"2025-05-27T11:54:43","guid":{"rendered":"https:\/\/comexbrindes.com.br\/site\/?post_type=product&#038;p=7051"},"modified":"2026-04-09T12:11:57","modified_gmt":"2026-04-09T12:11:57","slug":"guarda-chuva-em-poliester-190t-cabo-em-madeira-abertura-manual-sp-89099","status":"publish","type":"product","link":"https:\/\/comexbrindes.com.br\/site\/produto\/guarda-chuva-em-poliester-190t-cabo-em-madeira-abertura-manual-sp-89099\/","title":{"rendered":"14 GUARDA-CHUVA EM POLI\u00c9STER 190T, CABO EM MADEIRA &#8211; SP.89099"},"content":{"rendered":"<ul>\n<li>Guarda-chuva em poli\u00e9ster 190T.<\/li>\n<li>Abertura manual.<\/li>\n<li>Cabo em madeira.<\/li>\n<li><strong>Tamanho:<\/strong> \u00f8127,0 x 96,5 cm<\/li>\n<li><strong>Cores:<\/strong> preto, azul escuro, branco, verde escuro.<\/li>\n<li><strong>Grava\u00e7\u00e3o:<\/strong> Tampografia nos 2 gomos em uma cor.<\/li>\n<\/ul>\n<p>&nbsp;<\/p>\n","protected":false},"excerpt":{"rendered":"<p>Guarda-chuva em poli\u00e9ster 190T. Abertura manual. Cabo em madeira. Tamanho: \u00f8127,0 x 96,5 cm Cores: preto, azul escuro, branco, verde escuro. Grava\u00e7\u00e3o: Tampografia nos 2 gomos em uma cor. &nbsp;<\/p>\n","protected":false},"featured_media":8618,"template":"","meta":[],"product_cat":[78],"product_tag":[],"class_list":{"0":"post-7051","1":"product","2":"type-product","3":"status-publish","4":"has-post-thumbnail","6":"product_cat-sol-e-chuva","8":"first","9":"instock","10":"shipping-taxable","11":"product-type-simple"},"_links":{"self":[{"href":"https:\/\/comexbrindes.com.br\/site\/wp-json\/wp\/v2\/product\/7051","targetHints":{"allow":["GET"]}}],"collection":[{"href":"https:\/\/comexbrindes.com.br\/site\/wp-json\/wp\/v2\/product"}],"about":[{"href":"https:\/\/comexbrindes.com.br\/site\/wp-json\/wp\/v2\/types\/product"}],"version-history":[{"count":7,"href":"https:\/\/comexbrindes.com.br\/site\/wp-json\/wp\/v2\/product\/7051\/revisions"}],"predecessor-version":[{"id":8339,"href":"https:\/\/comexbrindes.com.br\/site\/wp-json\/wp\/v2\/product\/7051\/revisions\/8339"}],"wp:featuredmedia":[{"embeddable":true,"href":"https:\/\/comexbrindes.com.br\/site\/wp-json\/wp\/v2\/media\/8618"}],"wp:attachment":[{"href":"https:\/\/comexbrindes.com.br\/site\/wp-json\/wp\/v2\/media?parent=7051"}],"wp:term":[{"taxonomy":"product_cat","embeddable":true,"href":"https:\/\/comexbrindes.com.br\/site\/wp-json\/wp\/v2\/product_cat?post=7051"},{"taxonomy":"product_tag","embeddable":true,"href":"https:\/\/comexbrindes.com.br\/site\/wp-json\/wp\/v2\/product_tag?post=7051"}],"curies":[{"name":"wp","href":"https:\/\/api.w.org\/{rel}","templated":true}]}}

14 GUARDA-CHUVA EM POLIÉSTER 190T, CABO EM MADEIRA &#8211; SP.89099

<ul>
<li>Guarda-chuva em poliéster 190T.</li>
<li>Abertura manual.</li>
<li>Cabo em madeira.</li>
<li><strong>Tamanho:</strong> ø127,0 x 96,5 cm</li>
<li><strong>Cores:</strong> preto, azul escuro, branco, verde escuro.</li>
<li><strong>Gravação:</strong> Tampografia nos 2 gomos em uma cor.</li>
</ul>
<p>&nbsp;</p>

<p>Guarda-chuva em poliéster 190T. Abertura manual. Cabo em madeira. Tamanho: ø127,0 x 96,5 cm Cores: preto, azul escuro, branco, verde escuro. Gravação: Tampografia nos 2 gomos em uma cor. &nbsp;</p>
