{"id":6886,"date":"2025-01-28T11:45:30","date_gmt":"2025-01-28T11:45:30","guid":{"rendered":"https:\/\/comexbrindes.com.br\/site\/?post_type=product&#038;p=6886"},"modified":"2026-01-26T17:33:05","modified_gmt":"2026-01-26T17:33:05","slug":"bolsa-termica-poliester-13-l-zbx-41051","status":"publish","type":"product","link":"https:\/\/comexbrindes.com.br\/site\/produto\/bolsa-termica-poliester-13-l-zbx-41051\/","title":{"rendered":"08 BOLSA T\u00c9RMICA, 13 L &#8211; BX.41051"},"content":{"rendered":"<ul>\n<li>Bolsa t\u00e9rmica, poli\u00e9ster, 13L<\/li>\n<li>Revestimento interno em polietileno at\u00f3xico soldado antivazamento<\/li>\n<li>Al\u00e7a para m\u00e3os<\/li>\n<li><strong>Tamanho:<\/strong> 22 x 29 x 21 cm<\/li>\n<li><strong>Cor<\/strong> cinza<\/li>\n<li><strong>Grava\u00e7\u00e3o:<\/strong> tampografia 1 cor, 1 lado<\/li>\n<\/ul>\n","protected":false},"excerpt":{"rendered":"<p>Bolsa t\u00e9rmica, poli\u00e9ster, 13L Revestimento interno em polietileno at\u00f3xico soldado antivazamento Al\u00e7a para m\u00e3os Tamanho: 22 x 29 x 21 cm Cor cinza Grava\u00e7\u00e3o: tampografia 1 cor, 1 lado<\/p>\n","protected":false},"featured_media":7841,"template":"","meta":[],"product_cat":[61],"product_tag":[],"class_list":{"0":"post-6886","1":"product","2":"type-product","3":"status-publish","4":"has-post-thumbnail","6":"product_cat-bolsas-termicas","8":"first","9":"instock","10":"shipping-taxable","11":"product-type-simple"},"_links":{"self":[{"href":"https:\/\/comexbrindes.com.br\/site\/wp-json\/wp\/v2\/product\/6886","targetHints":{"allow":["GET"]}}],"collection":[{"href":"https:\/\/comexbrindes.com.br\/site\/wp-json\/wp\/v2\/product"}],"about":[{"href":"https:\/\/comexbrindes.com.br\/site\/wp-json\/wp\/v2\/types\/product"}],"version-history":[{"count":7,"href":"https:\/\/comexbrindes.com.br\/site\/wp-json\/wp\/v2\/product\/6886\/revisions"}],"predecessor-version":[{"id":8259,"href":"https:\/\/comexbrindes.com.br\/site\/wp-json\/wp\/v2\/product\/6886\/revisions\/8259"}],"wp:featuredmedia":[{"embeddable":true,"href":"https:\/\/comexbrindes.com.br\/site\/wp-json\/wp\/v2\/media\/7841"}],"wp:attachment":[{"href":"https:\/\/comexbrindes.com.br\/site\/wp-json\/wp\/v2\/media?parent=6886"}],"wp:term":[{"taxonomy":"product_cat","embeddable":true,"href":"https:\/\/comexbrindes.com.br\/site\/wp-json\/wp\/v2\/product_cat?post=6886"},{"taxonomy":"product_tag","embeddable":true,"href":"https:\/\/comexbrindes.com.br\/site\/wp-json\/wp\/v2\/product_tag?post=6886"}],"curies":[{"name":"wp","href":"https:\/\/api.w.org\/{rel}","templated":true}]}}