{"id":6128,"date":"2025-01-07T17:49:58","date_gmt":"2025-01-07T17:49:58","guid":{"rendered":"https:\/\/comexbrindes.com.br\/site\/?post_type=product&#038;p=6128"},"modified":"2025-08-12T17:27:24","modified_gmt":"2025-08-12T17:27:24","slug":"necessaire-em-poliester-reciclado-ziper-as-501-en","status":"publish","type":"product","link":"https:\/\/comexbrindes.com.br\/site\/produto\/necessaire-em-poliester-reciclado-ziper-as-501-en\/","title":{"rendered":"05 NECESSAIRE EM POLI\u00c9STER RECICLADO, Z\u00cdPER &#8211; AS.501.EN"},"content":{"rendered":"<ul>\n<li>Necessaire em poli\u00e9ster reciclado.<\/li>\n<li>Algod\u00e3o 340g\/m\u00b2 reciclado.<\/li>\n<li>Al\u00e7a lateral e z\u00edper.<\/li>\n<li><strong>Tamanho:<\/strong> 13 x 24 x 11 cm<\/li>\n<li><strong>Cores:<\/strong> preto e azul.<\/li>\n<li><strong>Grava\u00e7\u00e3o:<\/strong> tampografia 1 cor, 1 lado<\/li>\n<li>Embalagem saco pl\u00e1stico<\/li>\n<\/ul>\n","protected":false},"excerpt":{"rendered":"<p>Necessaire em poli\u00e9ster reciclado. Algod\u00e3o 340g\/m\u00b2 reciclado. Al\u00e7a lateral e z\u00edper. Tamanho: 13 x 24 x 11 cm Cores: preto e azul. Grava\u00e7\u00e3o: tampografia 1 cor, 1 lado Embalagem saco pl\u00e1stico<\/p>\n","protected":false},"featured_media":7338,"template":"","meta":[],"product_cat":[67],"product_tag":[],"class_list":{"0":"post-6128","1":"product","2":"type-product","3":"status-publish","4":"has-post-thumbnail","6":"product_cat-linha-mulher","8":"first","9":"instock","10":"shipping-taxable","11":"product-type-simple"},"_links":{"self":[{"href":"https:\/\/comexbrindes.com.br\/site\/wp-json\/wp\/v2\/product\/6128","targetHints":{"allow":["GET"]}}],"collection":[{"href":"https:\/\/comexbrindes.com.br\/site\/wp-json\/wp\/v2\/product"}],"about":[{"href":"https:\/\/comexbrindes.com.br\/site\/wp-json\/wp\/v2\/types\/product"}],"version-history":[{"count":3,"href":"https:\/\/comexbrindes.com.br\/site\/wp-json\/wp\/v2\/product\/6128\/revisions"}],"predecessor-version":[{"id":6250,"href":"https:\/\/comexbrindes.com.br\/site\/wp-json\/wp\/v2\/product\/6128\/revisions\/6250"}],"wp:featuredmedia":[{"embeddable":true,"href":"https:\/\/comexbrindes.com.br\/site\/wp-json\/wp\/v2\/media\/7338"}],"wp:attachment":[{"href":"https:\/\/comexbrindes.com.br\/site\/wp-json\/wp\/v2\/media?parent=6128"}],"wp:term":[{"taxonomy":"product_cat","embeddable":true,"href":"https:\/\/comexbrindes.com.br\/site\/wp-json\/wp\/v2\/product_cat?post=6128"},{"taxonomy":"product_tag","embeddable":true,"href":"https:\/\/comexbrindes.com.br\/site\/wp-json\/wp\/v2\/product_tag?post=6128"}],"curies":[{"name":"wp","href":"https:\/\/api.w.org\/{rel}","templated":true}]}}