{"id":5049,"date":"2024-10-17T17:54:32","date_gmt":"2024-10-17T17:54:32","guid":{"rendered":"https:\/\/comexbrindes.com.br\/site\/?post_type=product&#038;p=5049"},"modified":"2026-01-27T19:26:23","modified_gmt":"2026-01-27T19:26:23","slug":"mala-de-viagem-pequena-abs-alca-retratil-divisorias-rodas-360o-cadeado-e-senha-as-086-vm","status":"publish","type":"product","link":"https:\/\/comexbrindes.com.br\/site\/produto\/mala-de-viagem-pequena-abs-alca-retratil-divisorias-rodas-360o-cadeado-e-senha-as-086-vm\/","title":{"rendered":"11 MALA DE VIAGEM PEQUENA ABS &#8211; AS.086.VM"},"content":{"rendered":"<ul>\n<li>Mala de viagem avi\u00e3o pequena em pl\u00e1stico PP.<\/li>\n<li>Abertura frontal com z\u00edper, compartimentos internos.<\/li>\n<li>Cadeado num\u00e9rico.<\/li>\n<li>Al\u00e7a de m\u00e3os, puxador retr\u00e1til com regulagem de tamanho.<\/li>\n<li>Rodinhas giro de 360\u00ba.<\/li>\n<li>Cores: preto, verde, azul e cinza.<\/li>\n<li><strong>Tamanho:<\/strong> 49 x 33 x 21 cm<\/li>\n<li><strong>Grava\u00e7\u00e3o:<\/strong> laser na plaquinha<\/li>\n<\/ul>\n<p>&nbsp;<\/p>\n<p>&nbsp;<\/p>\n","protected":false},"excerpt":{"rendered":"<p>Mala de viagem avi\u00e3o pequena em pl\u00e1stico PP. Abertura frontal com z\u00edper, compartimentos internos. Cadeado num\u00e9rico. Al\u00e7a de m\u00e3os, puxador retr\u00e1til com regulagem de tamanho. Rodinhas giro de 360\u00ba. Cores: preto, verde, azul e cinza. Tamanho: 49 x 33 x 21 cm Grava\u00e7\u00e3o: laser na plaquinha &nbsp; &nbsp;<\/p>\n","protected":false},"featured_media":5051,"template":"","meta":[],"product_cat":[68],"product_tag":[],"class_list":{"0":"post-5049","1":"product","2":"type-product","3":"status-publish","4":"has-post-thumbnail","6":"product_cat-malas-mochilas","8":"first","9":"instock","10":"shipping-taxable","11":"product-type-simple"},"_links":{"self":[{"href":"https:\/\/comexbrindes.com.br\/site\/wp-json\/wp\/v2\/product\/5049","targetHints":{"allow":["GET"]}}],"collection":[{"href":"https:\/\/comexbrindes.com.br\/site\/wp-json\/wp\/v2\/product"}],"about":[{"href":"https:\/\/comexbrindes.com.br\/site\/wp-json\/wp\/v2\/types\/product"}],"version-history":[{"count":8,"href":"https:\/\/comexbrindes.com.br\/site\/wp-json\/wp\/v2\/product\/5049\/revisions"}],"predecessor-version":[{"id":8322,"href":"https:\/\/comexbrindes.com.br\/site\/wp-json\/wp\/v2\/product\/5049\/revisions\/8322"}],"wp:featuredmedia":[{"embeddable":true,"href":"https:\/\/comexbrindes.com.br\/site\/wp-json\/wp\/v2\/media\/5051"}],"wp:attachment":[{"href":"https:\/\/comexbrindes.com.br\/site\/wp-json\/wp\/v2\/media?parent=5049"}],"wp:term":[{"taxonomy":"product_cat","embeddable":true,"href":"https:\/\/comexbrindes.com.br\/site\/wp-json\/wp\/v2\/product_cat?post=5049"},{"taxonomy":"product_tag","embeddable":true,"href":"https:\/\/comexbrindes.com.br\/site\/wp-json\/wp\/v2\/product_tag?post=5049"}],"curies":[{"name":"wp","href":"https:\/\/api.w.org\/{rel}","templated":true}]}}