{"id":4946,"date":"2024-10-07T12:52:46","date_gmt":"2024-10-07T12:52:46","guid":{"rendered":"https:\/\/comexbrindes.com.br\/site\/?post_type=product&#038;p=4946"},"modified":"2025-04-09T17:25:20","modified_gmt":"2025-04-09T17:25:20","slug":"moleskine-pautado-capa-emborrachada-elastico-id-2528","status":"publish","type":"product","link":"https:\/\/comexbrindes.com.br\/site\/produto\/moleskine-pautado-capa-emborrachada-elastico-id-2528\/","title":{"rendered":"18 MOLESKINE PAUTADO, CAPA EMBORRACHADA, EL\u00c1STICO &#8211; ID.2528"},"content":{"rendered":"<ul>\n<li>Capa dura emborrachado.<\/li>\n<li><strong>80 folhas pautadas marfim.<\/strong><\/li>\n<li>Fechamento el\u00e1stico e suporte para caneta (n\u00e3o acompanha).<\/li>\n<li><strong>Cores:<\/strong> preto, azul, cinza, verde, vermelho, rosa e laranja.<\/li>\n<li><strong>Tamanho:<\/strong> 14 x 21 cm<\/li>\n<li><strong>Grava\u00e7\u00e3o tampografia 1 cor, 1 lado.<\/strong><\/li>\n<\/ul>\n<p>&nbsp;<\/p>\n<p>&nbsp;<\/p>\n<p>&nbsp;<\/p>\n","protected":false},"excerpt":{"rendered":"<p>Capa dura emborrachado. 80 folhas pautadas marfim. Fechamento el\u00e1stico e suporte para caneta (n\u00e3o acompanha). Cores: preto, azul, cinza, verde, vermelho, rosa e laranja. Tamanho: 14 x 21 cm Grava\u00e7\u00e3o tampografia 1 cor, 1 lado. &nbsp; &nbsp; &nbsp;<\/p>\n","protected":false},"featured_media":7012,"template":"","meta":[],"product_cat":[56],"product_tag":[],"class_list":{"0":"post-4946","1":"product","2":"type-product","3":"status-publish","4":"has-post-thumbnail","6":"product_cat-blocos","8":"first","9":"instock","10":"shipping-taxable","11":"product-type-simple"},"_links":{"self":[{"href":"https:\/\/comexbrindes.com.br\/site\/wp-json\/wp\/v2\/product\/4946","targetHints":{"allow":["GET"]}}],"collection":[{"href":"https:\/\/comexbrindes.com.br\/site\/wp-json\/wp\/v2\/product"}],"about":[{"href":"https:\/\/comexbrindes.com.br\/site\/wp-json\/wp\/v2\/types\/product"}],"version-history":[{"count":8,"href":"https:\/\/comexbrindes.com.br\/site\/wp-json\/wp\/v2\/product\/4946\/revisions"}],"predecessor-version":[{"id":7013,"href":"https:\/\/comexbrindes.com.br\/site\/wp-json\/wp\/v2\/product\/4946\/revisions\/7013"}],"wp:featuredmedia":[{"embeddable":true,"href":"https:\/\/comexbrindes.com.br\/site\/wp-json\/wp\/v2\/media\/7012"}],"wp:attachment":[{"href":"https:\/\/comexbrindes.com.br\/site\/wp-json\/wp\/v2\/media?parent=4946"}],"wp:term":[{"taxonomy":"product_cat","embeddable":true,"href":"https:\/\/comexbrindes.com.br\/site\/wp-json\/wp\/v2\/product_cat?post=4946"},{"taxonomy":"product_tag","embeddable":true,"href":"https:\/\/comexbrindes.com.br\/site\/wp-json\/wp\/v2\/product_tag?post=4946"}],"curies":[{"name":"wp","href":"https:\/\/api.w.org\/{rel}","templated":true}]}}