{"id":4555,"date":"2024-05-10T14:36:20","date_gmt":"2024-05-10T14:36:20","guid":{"rendered":"https:\/\/comexbrindes.com.br\/site\/?post_type=product&#038;p=4555"},"modified":"2026-04-28T12:39:53","modified_gmt":"2026-04-28T12:39:53","slug":"mochila-executiva-aviao-27l-2-rodas-puxador-retratil-botao-acionador-zbx-34410","status":"publish","type":"product","link":"https:\/\/comexbrindes.com.br\/site\/produto\/mochila-executiva-aviao-27l-2-rodas-puxador-retratil-botao-acionador-zbx-34410\/","title":{"rendered":"16 MOCHILA EXECUTIVA AVI\u00c3O, 2 RODAS, PUXADOR RETR\u00c1TIL &#8211; BX.34410"},"content":{"rendered":"<ul>\n<li>Mochila executiva avi\u00e3o, 27L em poli\u00e9ster preto<\/li>\n<li>Bolsos nas laterais, bolso para <strong>notebook at\u00e9 15,6&#8243;<\/strong> com divis\u00f3rias para celular e forro com z\u00edper<\/li>\n<li>2 rodinhas e freio em pl\u00e1stico<\/li>\n<li>Cadeado TSA<\/li>\n<li>Prote\u00e7\u00e3o tampando as rodinhas enquanto transporta a mochila nas costas<\/li>\n<li><strong>Tamanho:<\/strong> 47,5 x 32 x 18 cm<\/li>\n<li><strong>Grava\u00e7\u00e3o<\/strong> laser na plaquinha (4 x 6 cm)<\/li>\n<\/ul>\n<p>&nbsp;<\/p>\n<p>&nbsp;<\/p>\n<p>&nbsp;<\/p>\n","protected":false},"excerpt":{"rendered":"<p>Mochila executiva avi\u00e3o, 27L em poli\u00e9ster preto Bolsos nas laterais, bolso para notebook at\u00e9 15,6&#8243; com divis\u00f3rias para celular e forro com z\u00edper 2 rodinhas e freio em pl\u00e1stico Cadeado TSA Prote\u00e7\u00e3o tampando as rodinhas enquanto transporta a mochila nas costas Tamanho: 47,5 x 32 x 18 cm Grava\u00e7\u00e3o laser na plaquinha (4 x 6 [&hellip;]<\/p>\n","protected":false},"featured_media":4972,"template":"","meta":[],"product_cat":[68],"product_tag":[],"class_list":{"0":"post-4555","1":"product","2":"type-product","3":"status-publish","4":"has-post-thumbnail","6":"product_cat-malas-mochilas","8":"first","9":"instock","10":"shipping-taxable","11":"product-type-variable"},"_links":{"self":[{"href":"https:\/\/comexbrindes.com.br\/site\/wp-json\/wp\/v2\/product\/4555","targetHints":{"allow":["GET"]}}],"collection":[{"href":"https:\/\/comexbrindes.com.br\/site\/wp-json\/wp\/v2\/product"}],"about":[{"href":"https:\/\/comexbrindes.com.br\/site\/wp-json\/wp\/v2\/types\/product"}],"version-history":[{"count":7,"href":"https:\/\/comexbrindes.com.br\/site\/wp-json\/wp\/v2\/product\/4555\/revisions"}],"predecessor-version":[{"id":8719,"href":"https:\/\/comexbrindes.com.br\/site\/wp-json\/wp\/v2\/product\/4555\/revisions\/8719"}],"wp:featuredmedia":[{"embeddable":true,"href":"https:\/\/comexbrindes.com.br\/site\/wp-json\/wp\/v2\/media\/4972"}],"wp:attachment":[{"href":"https:\/\/comexbrindes.com.br\/site\/wp-json\/wp\/v2\/media?parent=4555"}],"wp:term":[{"taxonomy":"product_cat","embeddable":true,"href":"https:\/\/comexbrindes.com.br\/site\/wp-json\/wp\/v2\/product_cat?post=4555"},{"taxonomy":"product_tag","embeddable":true,"href":"https:\/\/comexbrindes.com.br\/site\/wp-json\/wp\/v2\/product_tag?post=4555"}],"curies":[{"name":"wp","href":"https:\/\/api.w.org\/{rel}","templated":true}]}}