{"id":4511,"date":"2024-04-30T19:20:57","date_gmt":"2024-04-30T19:20:57","guid":{"rendered":"https:\/\/comexbrindes.com.br\/site\/?post_type=product&#038;p=4511"},"modified":"2025-11-10T13:46:00","modified_gmt":"2025-11-10T13:46:00","slug":"moleskine-executivo-capa-dura-de-palha-e-algodao-canvas-pautado-fechamento-elastico-sp-86239","status":"publish","type":"product","link":"https:\/\/comexbrindes.com.br\/site\/produto\/moleskine-executivo-capa-dura-de-palha-e-algodao-canvas-pautado-fechamento-elastico-sp-86239\/","title":{"rendered":"05 MOLESKINE EXECUTIVO, CAPA DURA PALHA E ALGOD\u00c3O &#8211; SP.86235"},"content":{"rendered":"<ul>\n<li>Capa dura em palha e algod\u00e3o canvas<\/li>\n<li>96 folhas pautadas brancas, suporte para caneta (n\u00e3o acompanha)<\/li>\n<li>Fechamento el\u00e1stic<\/li>\n<li><strong>Cores:<\/strong> preto e azul<\/li>\n<li><strong>Tamanho:<\/strong> 15 x 21 cm<\/li>\n<li><strong>Grava\u00e7\u00e3o:<\/strong> tampografia uma cor em um lado<\/li>\n<\/ul>\n","protected":false},"excerpt":{"rendered":"<p>Capa dura em palha e algod\u00e3o canvas 96 folhas pautadas brancas, suporte para caneta (n\u00e3o acompanha) Fechamento el\u00e1stic Cores: preto e azul Tamanho: 15 x 21 cm Grava\u00e7\u00e3o: tampografia uma cor em um lado<\/p>\n","protected":false},"featured_media":7007,"template":"","meta":[],"product_cat":[56],"product_tag":[],"class_list":{"0":"post-4511","1":"product","2":"type-product","3":"status-publish","4":"has-post-thumbnail","6":"product_cat-blocos","8":"first","9":"instock","10":"shipping-taxable","11":"product-type-variable"},"_links":{"self":[{"href":"https:\/\/comexbrindes.com.br\/site\/wp-json\/wp\/v2\/product\/4511","targetHints":{"allow":["GET"]}}],"collection":[{"href":"https:\/\/comexbrindes.com.br\/site\/wp-json\/wp\/v2\/product"}],"about":[{"href":"https:\/\/comexbrindes.com.br\/site\/wp-json\/wp\/v2\/types\/product"}],"version-history":[{"count":6,"href":"https:\/\/comexbrindes.com.br\/site\/wp-json\/wp\/v2\/product\/4511\/revisions"}],"predecessor-version":[{"id":8047,"href":"https:\/\/comexbrindes.com.br\/site\/wp-json\/wp\/v2\/product\/4511\/revisions\/8047"}],"wp:featuredmedia":[{"embeddable":true,"href":"https:\/\/comexbrindes.com.br\/site\/wp-json\/wp\/v2\/media\/7007"}],"wp:attachment":[{"href":"https:\/\/comexbrindes.com.br\/site\/wp-json\/wp\/v2\/media?parent=4511"}],"wp:term":[{"taxonomy":"product_cat","embeddable":true,"href":"https:\/\/comexbrindes.com.br\/site\/wp-json\/wp\/v2\/product_cat?post=4511"},{"taxonomy":"product_tag","embeddable":true,"href":"https:\/\/comexbrindes.com.br\/site\/wp-json\/wp\/v2\/product_tag?post=4511"}],"curies":[{"name":"wp","href":"https:\/\/api.w.org\/{rel}","templated":true}]}}