{"id":3819,"date":"2024-04-25T14:34:41","date_gmt":"2024-04-25T14:34:41","guid":{"rendered":"https:\/\/comexbrindes.com.br\/site\/?post_type=product&#038;p=3819"},"modified":"2026-01-27T13:29:12","modified_gmt":"2026-01-27T13:29:12","slug":"kit-manicure-estojo-couro-sintetico-estilo-envelope-16-pecas-zbx-b42781","status":"publish","type":"product","link":"https:\/\/comexbrindes.com.br\/site\/produto\/kit-manicure-estojo-couro-sintetico-estilo-envelope-16-pecas-zbx-b42781\/","title":{"rendered":"01 KIT MANICURE ESTOJO COURO SINT\u00c9TICO, 16 PE\u00c7AS &#8211; BX.42781-B"},"content":{"rendered":"<ul>\n<li>Kit manicure <em>16 pe\u00e7as<\/em> em estojo de couro sint\u00e9tico estilo envelope<\/li>\n<li><strong>Cont\u00e9m:<\/strong> tesoura, alicate de cut\u00edcula, pin\u00e7a, 3 cortadores de unha, lixa, 2 bisturis, raspador, empurrador de cut\u00edcula, removedor de cut\u00edcula, esp\u00e1tula dupla para limpeza das unhas, limpador de ouvido, palito de unha e esp\u00e1tula para ouvido<\/li>\n<li><strong>Tamanho: <\/strong>13,8 x 10,7 cm<\/li>\n<li><strong>Cor apenas em marrom<\/strong><\/li>\n<li><strong>Grava\u00e7\u00e3o:<\/strong> laser em placa de metal<\/li>\n<\/ul>\n","protected":false},"excerpt":{"rendered":"<p>Kit manicure 16 pe\u00e7as em estojo de couro sint\u00e9tico estilo envelope Cont\u00e9m: tesoura, alicate de cut\u00edcula, pin\u00e7a, 3 cortadores de unha, lixa, 2 bisturis, raspador, empurrador de cut\u00edcula, removedor de cut\u00edcula, esp\u00e1tula dupla para limpeza das unhas, limpador de ouvido, palito de unha e esp\u00e1tula para ouvido Tamanho: 13,8 x 10,7 cm Cor apenas em [&hellip;]<\/p>\n","protected":false},"featured_media":7629,"template":"","meta":[],"product_cat":[67],"product_tag":[],"class_list":{"0":"post-3819","1":"product","2":"type-product","3":"status-publish","4":"has-post-thumbnail","6":"product_cat-linha-mulher","8":"first","9":"instock","10":"shipping-taxable","11":"product-type-variable"},"_links":{"self":[{"href":"https:\/\/comexbrindes.com.br\/site\/wp-json\/wp\/v2\/product\/3819","targetHints":{"allow":["GET"]}}],"collection":[{"href":"https:\/\/comexbrindes.com.br\/site\/wp-json\/wp\/v2\/product"}],"about":[{"href":"https:\/\/comexbrindes.com.br\/site\/wp-json\/wp\/v2\/types\/product"}],"version-history":[{"count":9,"href":"https:\/\/comexbrindes.com.br\/site\/wp-json\/wp\/v2\/product\/3819\/revisions"}],"predecessor-version":[{"id":8300,"href":"https:\/\/comexbrindes.com.br\/site\/wp-json\/wp\/v2\/product\/3819\/revisions\/8300"}],"wp:featuredmedia":[{"embeddable":true,"href":"https:\/\/comexbrindes.com.br\/site\/wp-json\/wp\/v2\/media\/7629"}],"wp:attachment":[{"href":"https:\/\/comexbrindes.com.br\/site\/wp-json\/wp\/v2\/media?parent=3819"}],"wp:term":[{"taxonomy":"product_cat","embeddable":true,"href":"https:\/\/comexbrindes.com.br\/site\/wp-json\/wp\/v2\/product_cat?post=3819"},{"taxonomy":"product_tag","embeddable":true,"href":"https:\/\/comexbrindes.com.br\/site\/wp-json\/wp\/v2\/product_tag?post=3819"}],"curies":[{"name":"wp","href":"https:\/\/api.w.org\/{rel}","templated":true}]}}