{"id":3802,"date":"2024-04-25T14:20:47","date_gmt":"2024-04-25T14:20:47","guid":{"rendered":"https:\/\/comexbrindes.com.br\/site\/?post_type=product&#038;p=3802"},"modified":"2026-02-04T18:00:37","modified_gmt":"2026-02-04T18:00:37","slug":"gancho-porta-bolsa-retratil-zbx-60001","status":"publish","type":"product","link":"https:\/\/comexbrindes.com.br\/site\/produto\/gancho-porta-bolsa-retratil-zbx-60001\/","title":{"rendered":"20 GANCHO PORTA BOLSA RETR\u00c1TIL &#8211; BX.60001"},"content":{"rendered":"<ul>\n<li>Porta bolsa de metal dobr\u00e1vel, possui chapa central redonda para grava\u00e7\u00e3o e parte traseira borracha anti deslizante.<\/li>\n<li>Para utilizar o porta bolsa basta puxar a lateral (imantado) e abri-lo.<\/li>\n<li>Embalagem caixa unit\u00e1ria.<\/li>\n<li><strong>Tamanho:<\/strong> <span class=\"desc-sub\">4,4 x 4,4 cm.<\/span><\/li>\n<li><strong>Cor apenas metal prata.<\/strong><\/li>\n<li><strong>Grava\u00e7\u00e3o: <\/strong>Resina PU cores.<\/li>\n<\/ul>\n","protected":false},"excerpt":{"rendered":"<p>Porta bolsa de metal dobr\u00e1vel, possui chapa central redonda para grava\u00e7\u00e3o e parte traseira borracha anti deslizante. Para utilizar o porta bolsa basta puxar a lateral (imantado) e abri-lo. Embalagem caixa unit\u00e1ria. Tamanho: 4,4 x 4,4 cm. Cor apenas metal prata. Grava\u00e7\u00e3o: Resina PU cores.<\/p>\n","protected":false},"featured_media":7621,"template":"","meta":[],"product_cat":[67],"product_tag":[],"class_list":{"0":"post-3802","1":"product","2":"type-product","3":"status-publish","4":"has-post-thumbnail","6":"product_cat-linha-mulher","8":"first","9":"instock","10":"shipping-taxable","11":"product-type-variable"},"_links":{"self":[{"href":"https:\/\/comexbrindes.com.br\/site\/wp-json\/wp\/v2\/product\/3802","targetHints":{"allow":["GET"]}}],"collection":[{"href":"https:\/\/comexbrindes.com.br\/site\/wp-json\/wp\/v2\/product"}],"about":[{"href":"https:\/\/comexbrindes.com.br\/site\/wp-json\/wp\/v2\/types\/product"}],"version-history":[{"count":7,"href":"https:\/\/comexbrindes.com.br\/site\/wp-json\/wp\/v2\/product\/3802\/revisions"}],"predecessor-version":[{"id":8373,"href":"https:\/\/comexbrindes.com.br\/site\/wp-json\/wp\/v2\/product\/3802\/revisions\/8373"}],"wp:featuredmedia":[{"embeddable":true,"href":"https:\/\/comexbrindes.com.br\/site\/wp-json\/wp\/v2\/media\/7621"}],"wp:attachment":[{"href":"https:\/\/comexbrindes.com.br\/site\/wp-json\/wp\/v2\/media?parent=3802"}],"wp:term":[{"taxonomy":"product_cat","embeddable":true,"href":"https:\/\/comexbrindes.com.br\/site\/wp-json\/wp\/v2\/product_cat?post=3802"},{"taxonomy":"product_tag","embeddable":true,"href":"https:\/\/comexbrindes.com.br\/site\/wp-json\/wp\/v2\/product_tag?post=3802"}],"curies":[{"name":"wp","href":"https:\/\/api.w.org\/{rel}","templated":true}]}}