{"id":3737,"date":"2024-04-25T12:34:29","date_gmt":"2024-04-25T12:34:29","guid":{"rendered":"https:\/\/comexbrindes.com.br\/site\/?post_type=product&#038;p=3737"},"modified":"2025-10-09T20:57:39","modified_gmt":"2025-10-09T20:57:39","slug":"guarda-chuva-em-poliester-com-faixa-refletora-cabo-revestido-com-borracha-sp-25199","status":"publish","type":"product","link":"https:\/\/comexbrindes.com.br\/site\/produto\/guarda-chuva-em-poliester-com-faixa-refletora-cabo-revestido-com-borracha-sp-25199\/","title":{"rendered":"15 GUARDA-CHUVA POLI\u00c9STER, FAIXA REFLETORA &#8211; SP.25199"},"content":{"rendered":"<ul>\n<li>Guarda-chuva em poli\u00e9ster com faixa refletora.<\/li>\n<li>Cabo revestido com borracha e abertura autom\u00e1tica.<\/li>\n<li><strong>Tamanho:<\/strong> \u00f896,0 x 81,5 cm<\/li>\n<li><strong>Cores:<\/strong> preto, branco, azul e azul royal.<\/li>\n<li><strong>Grava\u00e7\u00e3o:<\/strong> Tampografia nos 2 gomos em uma cor.<\/li>\n<\/ul>\n","protected":false},"excerpt":{"rendered":"<p>Guarda-chuva em poli\u00e9ster com faixa refletora. Cabo revestido com borracha e abertura autom\u00e1tica. Tamanho: \u00f896,0 x 81,5 cm Cores: preto, branco, azul e azul royal. Grava\u00e7\u00e3o: Tampografia nos 2 gomos em uma cor.<\/p>\n","protected":false},"featured_media":7077,"template":"","meta":[],"product_cat":[78],"product_tag":[],"class_list":{"0":"post-3737","1":"product","2":"type-product","3":"status-publish","4":"has-post-thumbnail","6":"product_cat-sol-e-chuva","8":"first","9":"instock","10":"shipping-taxable","11":"product-type-variable"},"_links":{"self":[{"href":"https:\/\/comexbrindes.com.br\/site\/wp-json\/wp\/v2\/product\/3737","targetHints":{"allow":["GET"]}}],"collection":[{"href":"https:\/\/comexbrindes.com.br\/site\/wp-json\/wp\/v2\/product"}],"about":[{"href":"https:\/\/comexbrindes.com.br\/site\/wp-json\/wp\/v2\/types\/product"}],"version-history":[{"count":8,"href":"https:\/\/comexbrindes.com.br\/site\/wp-json\/wp\/v2\/product\/3737\/revisions"}],"predecessor-version":[{"id":7720,"href":"https:\/\/comexbrindes.com.br\/site\/wp-json\/wp\/v2\/product\/3737\/revisions\/7720"}],"wp:featuredmedia":[{"embeddable":true,"href":"https:\/\/comexbrindes.com.br\/site\/wp-json\/wp\/v2\/media\/7077"}],"wp:attachment":[{"href":"https:\/\/comexbrindes.com.br\/site\/wp-json\/wp\/v2\/media?parent=3737"}],"wp:term":[{"taxonomy":"product_cat","embeddable":true,"href":"https:\/\/comexbrindes.com.br\/site\/wp-json\/wp\/v2\/product_cat?post=3737"},{"taxonomy":"product_tag","embeddable":true,"href":"https:\/\/comexbrindes.com.br\/site\/wp-json\/wp\/v2\/product_tag?post=3737"}],"curies":[{"name":"wp","href":"https:\/\/api.w.org\/{rel}","templated":true}]}}