{"id":3708,"date":"2024-04-25T12:04:00","date_gmt":"2024-04-25T12:04:00","guid":{"rendered":"https:\/\/comexbrindes.com.br\/site\/?post_type=product&#038;p=3708"},"modified":"2025-01-22T17:27:51","modified_gmt":"2025-01-22T17:27:51","slug":"guarda-chuva-cortica-com-haste-e-cabo-em-madeira-sp-14199","status":"publish","type":"product","link":"https:\/\/comexbrindes.com.br\/site\/produto\/guarda-chuva-cortica-com-haste-e-cabo-em-madeira-sp-14199\/","title":{"rendered":"01 GUARDA-CHUVA CORTI\u00c7A, HASTE E CABO EM MADEIRA &#8211; SP.14199"},"content":{"rendered":"<ul>\n<li>Guarda-chuva premium em corti\u00e7a.<\/li>\n<li>Haste e cabo em madeira de mogno escuro.<\/li>\n<li>Abertura autom\u00e1tica.<\/li>\n<li><strong>Tamanho:<\/strong> 105 x 89 cm.<\/li>\n<li><strong>Grava\u00e7\u00e3o<\/strong>: laser no cabo (espa\u00e7o reduzido, apenas nome da empresa).<\/li>\n<\/ul>\n","protected":false},"excerpt":{"rendered":"<p>Guarda-chuva premium em corti\u00e7a. Haste e cabo em madeira de mogno escuro. Abertura autom\u00e1tica. Tamanho: 105 x 89 cm. Grava\u00e7\u00e3o: laser no cabo (espa\u00e7o reduzido, apenas nome da empresa).<\/p>\n","protected":false},"featured_media":6784,"template":"","meta":[],"product_cat":[78],"product_tag":[],"class_list":{"0":"post-3708","1":"product","2":"type-product","3":"status-publish","4":"has-post-thumbnail","6":"product_cat-sol-e-chuva","8":"first","9":"instock","10":"shipping-taxable","11":"product-type-variable"},"_links":{"self":[{"href":"https:\/\/comexbrindes.com.br\/site\/wp-json\/wp\/v2\/product\/3708","targetHints":{"allow":["GET"]}}],"collection":[{"href":"https:\/\/comexbrindes.com.br\/site\/wp-json\/wp\/v2\/product"}],"about":[{"href":"https:\/\/comexbrindes.com.br\/site\/wp-json\/wp\/v2\/types\/product"}],"version-history":[{"count":3,"href":"https:\/\/comexbrindes.com.br\/site\/wp-json\/wp\/v2\/product\/3708\/revisions"}],"predecessor-version":[{"id":6779,"href":"https:\/\/comexbrindes.com.br\/site\/wp-json\/wp\/v2\/product\/3708\/revisions\/6779"}],"wp:featuredmedia":[{"embeddable":true,"href":"https:\/\/comexbrindes.com.br\/site\/wp-json\/wp\/v2\/media\/6784"}],"wp:attachment":[{"href":"https:\/\/comexbrindes.com.br\/site\/wp-json\/wp\/v2\/media?parent=3708"}],"wp:term":[{"taxonomy":"product_cat","embeddable":true,"href":"https:\/\/comexbrindes.com.br\/site\/wp-json\/wp\/v2\/product_cat?post=3708"},{"taxonomy":"product_tag","embeddable":true,"href":"https:\/\/comexbrindes.com.br\/site\/wp-json\/wp\/v2\/product_tag?post=3708"}],"curies":[{"name":"wp","href":"https:\/\/api.w.org\/{rel}","templated":true}]}}