{"id":3701,"date":"2024-04-25T11:53:34","date_gmt":"2024-04-25T11:53:34","guid":{"rendered":"https:\/\/comexbrindes.com.br\/site\/?post_type=product&#038;p=3701"},"modified":"2025-11-06T19:35:17","modified_gmt":"2025-11-06T19:35:17","slug":"squeeze-vidro-borossilicato-470ml-tampa-com-alca-de-silicone-sp-96649","status":"publish","type":"product","link":"https:\/\/comexbrindes.com.br\/site\/produto\/squeeze-vidro-borossilicato-470ml-tampa-com-alca-de-silicone-sp-96649\/","title":{"rendered":"25 SQUEEZE VIDRO, 470ML &#8211; SP.96649"},"content":{"rendered":"<ul>\n<li>Vidro borossilicato<\/li>\n<li>470ML<\/li>\n<li>Tampa em PP rosque\u00e1vel e al\u00e7a de silicone<\/li>\n<li><strong>Tamanho:<\/strong> 21,0 x 6,0 cm<\/li>\n<li><strong>Cores:<\/strong> branco, azul royal, azul turquesa, verde e rosa<\/li>\n<li><strong>Grava\u00e7\u00e3o:<\/strong> em tampografia um lado uma cor<\/li>\n<\/ul>\n","protected":false},"excerpt":{"rendered":"<p>Vidro borossilicato 470ML Tampa em PP rosque\u00e1vel e al\u00e7a de silicone Tamanho: 21,0 x 6,0 cm Cores: branco, azul royal, azul turquesa, verde e rosa Grava\u00e7\u00e3o: em tampografia um lado uma cor<\/p>\n","protected":false},"featured_media":8009,"template":"","meta":[],"product_cat":[77],"product_tag":[],"class_list":{"0":"post-3701","1":"product","2":"type-product","3":"status-publish","4":"has-post-thumbnail","6":"product_cat-squeezes-garrafas","8":"first","9":"instock","10":"shipping-taxable","11":"product-type-variable"},"_links":{"self":[{"href":"https:\/\/comexbrindes.com.br\/site\/wp-json\/wp\/v2\/product\/3701","targetHints":{"allow":["GET"]}}],"collection":[{"href":"https:\/\/comexbrindes.com.br\/site\/wp-json\/wp\/v2\/product"}],"about":[{"href":"https:\/\/comexbrindes.com.br\/site\/wp-json\/wp\/v2\/types\/product"}],"version-history":[{"count":7,"href":"https:\/\/comexbrindes.com.br\/site\/wp-json\/wp\/v2\/product\/3701\/revisions"}],"predecessor-version":[{"id":8011,"href":"https:\/\/comexbrindes.com.br\/site\/wp-json\/wp\/v2\/product\/3701\/revisions\/8011"}],"wp:featuredmedia":[{"embeddable":true,"href":"https:\/\/comexbrindes.com.br\/site\/wp-json\/wp\/v2\/media\/8009"}],"wp:attachment":[{"href":"https:\/\/comexbrindes.com.br\/site\/wp-json\/wp\/v2\/media?parent=3701"}],"wp:term":[{"taxonomy":"product_cat","embeddable":true,"href":"https:\/\/comexbrindes.com.br\/site\/wp-json\/wp\/v2\/product_cat?post=3701"},{"taxonomy":"product_tag","embeddable":true,"href":"https:\/\/comexbrindes.com.br\/site\/wp-json\/wp\/v2\/product_tag?post=3701"}],"curies":[{"name":"wp","href":"https:\/\/api.w.org\/{rel}","templated":true}]}}