{"id":3688,"date":"2024-04-25T11:34:47","date_gmt":"2024-04-25T11:34:47","guid":{"rendered":"https:\/\/comexbrindes.com.br\/site\/?post_type=product&#038;p=3688"},"modified":"2025-10-28T14:32:28","modified_gmt":"2025-10-28T14:32:28","slug":"squeeze-plastico-translucido-650-ml-tampa-rosqueavel-zbx-61841","status":"publish","type":"product","link":"https:\/\/comexbrindes.com.br\/site\/produto\/squeeze-plastico-translucido-650-ml-tampa-rosqueavel-zbx-61841\/","title":{"rendered":"27 SQUEEZE PL\u00c1STICO TRANSL\u00daCIDO, 650 ML &#8211; ZBX.61841"},"content":{"rendered":"<ul>\n<li>Squeeze pl\u00e1stico PET transl\u00facido.<\/li>\n<li>650ML.<\/li>\n<li>Tampa de alum\u00ednio rosque\u00e1vel com al\u00e7a de transporte embutida.<\/li>\n<li><strong>Tamanho:<\/strong> 23 x 6,7 cm.<\/li>\n<li><strong>Cores:<\/strong> verde, azul, rosa, fum\u00ea, laranja e transparente.<\/li>\n<li><strong>Grava\u00e7\u00e3o:<\/strong> tampografia um lado em uma cor.<\/li>\n<\/ul>\n","protected":false},"excerpt":{"rendered":"<p>Squeeze pl\u00e1stico PET transl\u00facido. 650ML. Tampa de alum\u00ednio rosque\u00e1vel com al\u00e7a de transporte embutida. Tamanho: 23 x 6,7 cm. Cores: verde, azul, rosa, fum\u00ea, laranja e transparente. Grava\u00e7\u00e3o: tampografia um lado em uma cor.<\/p>\n","protected":false},"featured_media":7838,"template":"","meta":[],"product_cat":[77],"product_tag":[],"class_list":{"0":"post-3688","1":"product","2":"type-product","3":"status-publish","4":"has-post-thumbnail","6":"product_cat-squeezes-garrafas","8":"first","9":"instock","10":"shipping-taxable","11":"product-type-variable"},"_links":{"self":[{"href":"https:\/\/comexbrindes.com.br\/site\/wp-json\/wp\/v2\/product\/3688","targetHints":{"allow":["GET"]}}],"collection":[{"href":"https:\/\/comexbrindes.com.br\/site\/wp-json\/wp\/v2\/product"}],"about":[{"href":"https:\/\/comexbrindes.com.br\/site\/wp-json\/wp\/v2\/types\/product"}],"version-history":[{"count":4,"href":"https:\/\/comexbrindes.com.br\/site\/wp-json\/wp\/v2\/product\/3688\/revisions"}],"predecessor-version":[{"id":6824,"href":"https:\/\/comexbrindes.com.br\/site\/wp-json\/wp\/v2\/product\/3688\/revisions\/6824"}],"wp:featuredmedia":[{"embeddable":true,"href":"https:\/\/comexbrindes.com.br\/site\/wp-json\/wp\/v2\/media\/7838"}],"wp:attachment":[{"href":"https:\/\/comexbrindes.com.br\/site\/wp-json\/wp\/v2\/media?parent=3688"}],"wp:term":[{"taxonomy":"product_cat","embeddable":true,"href":"https:\/\/comexbrindes.com.br\/site\/wp-json\/wp\/v2\/product_cat?post=3688"},{"taxonomy":"product_tag","embeddable":true,"href":"https:\/\/comexbrindes.com.br\/site\/wp-json\/wp\/v2\/product_tag?post=3688"}],"curies":[{"name":"wp","href":"https:\/\/api.w.org\/{rel}","templated":true}]}}