{"id":3683,"date":"2024-04-25T11:28:14","date_gmt":"2024-04-25T11:28:14","guid":{"rendered":"https:\/\/comexbrindes.com.br\/site\/?post_type=product&#038;p=3683"},"modified":"2026-01-27T20:55:49","modified_gmt":"2026-01-27T20:55:49","slug":"squeeze-plastico-pvc-translucido-700-ml-base-aluminio-zbx-21071","status":"publish","type":"product","link":"https:\/\/comexbrindes.com.br\/site\/produto\/squeeze-plastico-pvc-translucido-700-ml-base-aluminio-zbx-21071\/","title":{"rendered":"26 SQUEEZE PVC TRANSL\u00daCIDO, 700 ML &#8211; BX.21071-B"},"content":{"rendered":"<ul>\n<li>Pl\u00e1stico PVC transl\u00facido<\/li>\n<li>700ML<\/li>\n<li>Tampa frisada rosque\u00e1vel e base de alum\u00ednio<\/li>\n<li><strong>Tamanho:<\/strong> 25,5 x 7,1 cm<\/li>\n<li><strong>Cores:<\/strong> verde, azul, fum\u00ea, laranja e vermelho<\/li>\n<li><strong>Grava\u00e7\u00e3o:<\/strong> tampografia um lado em uma cor<\/li>\n<\/ul>\n","protected":false},"excerpt":{"rendered":"<p>Pl\u00e1stico PVC transl\u00facido 700ML Tampa frisada rosque\u00e1vel e base de alum\u00ednio Tamanho: 25,5 x 7,1 cm Cores: verde, azul, fum\u00ea, laranja e vermelho Grava\u00e7\u00e3o: tampografia um lado em uma cor<\/p>\n","protected":false},"featured_media":8012,"template":"","meta":[],"product_cat":[77],"product_tag":[],"class_list":{"0":"post-3683","1":"product","2":"type-product","3":"status-publish","4":"has-post-thumbnail","6":"product_cat-squeezes-garrafas","8":"first","9":"instock","10":"shipping-taxable","11":"product-type-variable"},"_links":{"self":[{"href":"https:\/\/comexbrindes.com.br\/site\/wp-json\/wp\/v2\/product\/3683","targetHints":{"allow":["GET"]}}],"collection":[{"href":"https:\/\/comexbrindes.com.br\/site\/wp-json\/wp\/v2\/product"}],"about":[{"href":"https:\/\/comexbrindes.com.br\/site\/wp-json\/wp\/v2\/types\/product"}],"version-history":[{"count":7,"href":"https:\/\/comexbrindes.com.br\/site\/wp-json\/wp\/v2\/product\/3683\/revisions"}],"predecessor-version":[{"id":8348,"href":"https:\/\/comexbrindes.com.br\/site\/wp-json\/wp\/v2\/product\/3683\/revisions\/8348"}],"wp:featuredmedia":[{"embeddable":true,"href":"https:\/\/comexbrindes.com.br\/site\/wp-json\/wp\/v2\/media\/8012"}],"wp:attachment":[{"href":"https:\/\/comexbrindes.com.br\/site\/wp-json\/wp\/v2\/media?parent=3683"}],"wp:term":[{"taxonomy":"product_cat","embeddable":true,"href":"https:\/\/comexbrindes.com.br\/site\/wp-json\/wp\/v2\/product_cat?post=3683"},{"taxonomy":"product_tag","embeddable":true,"href":"https:\/\/comexbrindes.com.br\/site\/wp-json\/wp\/v2\/product_tag?post=3683"}],"curies":[{"name":"wp","href":"https:\/\/api.w.org\/{rel}","templated":true}]}}