{"id":3614,"date":"2024-04-24T20:07:44","date_gmt":"2024-04-24T20:07:44","guid":{"rendered":"https:\/\/comexbrindes.com.br\/site\/?post_type=product&#038;p=3614"},"modified":"2025-11-04T21:01:22","modified_gmt":"2025-11-04T21:01:22","slug":"garrafa-inox-tampa-rosqueavel-mosquetao-750ml-as-2310-ag","status":"publish","type":"product","link":"https:\/\/comexbrindes.com.br\/site\/produto\/garrafa-inox-tampa-rosqueavel-mosquetao-750ml-as-2310-ag\/","title":{"rendered":"11 GARRAFA INOX, MOSQUET\u00c3O, 750ML &#8211; AS.2310.AG"},"content":{"rendered":"<ul>\n<li>Garrafa inox<\/li>\n<li>750 ML<\/li>\n<li>Tampa rosque\u00e1vel<\/li>\n<li>Anel de silicone na tampa e no bico<\/li>\n<li>Embalagem caixa individual<\/li>\n<li><strong>Tamanho:<\/strong> 23,0 x 7,0 cm<\/li>\n<li><strong>Grava\u00e7\u00e3o:<\/strong> laser de um lado<\/li>\n<\/ul>\n","protected":false},"excerpt":{"rendered":"<p>Garrafa inox 750 ML Tampa rosque\u00e1vel Anel de silicone na tampa e no bico Embalagem caixa individual Tamanho: 23,0 x 7,0 cm Grava\u00e7\u00e3o: laser de um lado<\/p>\n","protected":false},"featured_media":7754,"template":"","meta":[],"product_cat":[77],"product_tag":[],"class_list":{"0":"post-3614","1":"product","2":"type-product","3":"status-publish","4":"has-post-thumbnail","6":"product_cat-squeezes-garrafas","8":"first","9":"instock","10":"shipping-taxable","11":"product-type-variable"},"_links":{"self":[{"href":"https:\/\/comexbrindes.com.br\/site\/wp-json\/wp\/v2\/product\/3614","targetHints":{"allow":["GET"]}}],"collection":[{"href":"https:\/\/comexbrindes.com.br\/site\/wp-json\/wp\/v2\/product"}],"about":[{"href":"https:\/\/comexbrindes.com.br\/site\/wp-json\/wp\/v2\/types\/product"}],"version-history":[{"count":5,"href":"https:\/\/comexbrindes.com.br\/site\/wp-json\/wp\/v2\/product\/3614\/revisions"}],"predecessor-version":[{"id":7964,"href":"https:\/\/comexbrindes.com.br\/site\/wp-json\/wp\/v2\/product\/3614\/revisions\/7964"}],"wp:featuredmedia":[{"embeddable":true,"href":"https:\/\/comexbrindes.com.br\/site\/wp-json\/wp\/v2\/media\/7754"}],"wp:attachment":[{"href":"https:\/\/comexbrindes.com.br\/site\/wp-json\/wp\/v2\/media?parent=3614"}],"wp:term":[{"taxonomy":"product_cat","embeddable":true,"href":"https:\/\/comexbrindes.com.br\/site\/wp-json\/wp\/v2\/product_cat?post=3614"},{"taxonomy":"product_tag","embeddable":true,"href":"https:\/\/comexbrindes.com.br\/site\/wp-json\/wp\/v2\/product_tag?post=3614"}],"curies":[{"name":"wp","href":"https:\/\/api.w.org\/{rel}","templated":true}]}}