{"id":3577,"date":"2024-04-24T19:39:58","date_gmt":"2024-04-24T19:39:58","guid":{"rendered":"https:\/\/comexbrindes.com.br\/site\/?post_type=product&#038;p=3577"},"modified":"2026-01-27T20:15:35","modified_gmt":"2026-01-27T20:15:35","slug":"sacolas-couche-recliclada-fosco-ou-brilho-policromia","status":"publish","type":"product","link":"https:\/\/comexbrindes.com.br\/site\/produto\/sacolas-couche-recliclada-fosco-ou-brilho-policromia\/","title":{"rendered":"02 SACOLAS COUCH\u00ca &#8211; GH.3221-M e GH.4030-G"},"content":{"rendered":"<ul>\n<li>Sacolas couch\u00ea reciclada, fosco ou brilho, policromia.<\/li>\n<li>Al\u00e7as cord\u00e3o colorido.<\/li>\n<li>Impress\u00e3o policromia (cores).<\/li>\n<li><strong>Tamanhos:<\/strong>\n<ul>\n<li>M\u00e9dia: 32,5 x 21,5 x 10 cm<\/li>\n<li>Grande: 40 x 30 x 10 cm<\/li>\n<\/ul>\n<\/li>\n<li>Cliente dever\u00e1 fornecer o arquivo da arte final.<\/li>\n<\/ul>\n","protected":false},"excerpt":{"rendered":"<p>Sacolas couch\u00ea reciclada, fosco ou brilho, policromia. Al\u00e7as cord\u00e3o colorido. Impress\u00e3o policromia (cores). Tamanhos: M\u00e9dia: 32,5 x 21,5 x 10 cm Grande: 40 x 30 x 10 cm Cliente dever\u00e1 fornecer o arquivo da arte final.<\/p>\n","protected":false},"featured_media":3580,"template":"","meta":[],"product_cat":[76],"product_tag":[],"class_list":{"0":"post-3577","1":"product","2":"type-product","3":"status-publish","4":"has-post-thumbnail","6":"product_cat-sacolas","8":"first","9":"instock","10":"shipping-taxable","11":"product-type-variable"},"_links":{"self":[{"href":"https:\/\/comexbrindes.com.br\/site\/wp-json\/wp\/v2\/product\/3577","targetHints":{"allow":["GET"]}}],"collection":[{"href":"https:\/\/comexbrindes.com.br\/site\/wp-json\/wp\/v2\/product"}],"about":[{"href":"https:\/\/comexbrindes.com.br\/site\/wp-json\/wp\/v2\/types\/product"}],"version-history":[{"count":5,"href":"https:\/\/comexbrindes.com.br\/site\/wp-json\/wp\/v2\/product\/3577\/revisions"}],"predecessor-version":[{"id":8330,"href":"https:\/\/comexbrindes.com.br\/site\/wp-json\/wp\/v2\/product\/3577\/revisions\/8330"}],"wp:featuredmedia":[{"embeddable":true,"href":"https:\/\/comexbrindes.com.br\/site\/wp-json\/wp\/v2\/media\/3580"}],"wp:attachment":[{"href":"https:\/\/comexbrindes.com.br\/site\/wp-json\/wp\/v2\/media?parent=3577"}],"wp:term":[{"taxonomy":"product_cat","embeddable":true,"href":"https:\/\/comexbrindes.com.br\/site\/wp-json\/wp\/v2\/product_cat?post=3577"},{"taxonomy":"product_tag","embeddable":true,"href":"https:\/\/comexbrindes.com.br\/site\/wp-json\/wp\/v2\/product_tag?post=3577"}],"curies":[{"name":"wp","href":"https:\/\/api.w.org\/{rel}","templated":true}]}}