{"id":3548,"date":"2024-04-24T19:24:26","date_gmt":"2024-04-24T19:24:26","guid":{"rendered":"https:\/\/comexbrindes.com.br\/site\/?post_type=product&#038;p=3548"},"modified":"2025-01-22T14:13:59","modified_gmt":"2025-01-22T14:13:59","slug":"sacola-tipo-mochila-em-algodao-reciclado-com-alcas-sp-63929","status":"publish","type":"product","link":"https:\/\/comexbrindes.com.br\/site\/produto\/sacola-tipo-mochila-em-algodao-reciclado-com-alcas-sp-63929\/","title":{"rendered":"09 SACOLA TIPO MOCHILA EM ALGOD\u00c3O RECICLADO &#8211; SP.63929"},"content":{"rendered":"<ul>\n<li>Sacola tipo mochila em algod\u00e3o reciclado.<\/li>\n<li>Al\u00e7as de 30 cm.<\/li>\n<li><strong>Cores:<\/strong> azul, preto, vermelho e natural claro.<\/li>\n<li><strong>Tamanho:<\/strong> A41 x L37 cm.<\/li>\n<li><strong>Grava\u00e7\u00e3o:<\/strong> tampografia um lado em uma cor.<\/li>\n<\/ul>\n","protected":false},"excerpt":{"rendered":"<p>Sacola tipo mochila em algod\u00e3o reciclado. Al\u00e7as de 30 cm. Cores: azul, preto, vermelho e natural claro. Tamanho: A41 x L37 cm. Grava\u00e7\u00e3o: tampografia um lado em uma cor.<\/p>\n","protected":false},"featured_media":3550,"template":"","meta":[],"product_cat":[76],"product_tag":[],"class_list":{"0":"post-3548","1":"product","2":"type-product","3":"status-publish","4":"has-post-thumbnail","6":"product_cat-sacolas","8":"first","9":"instock","10":"shipping-taxable","11":"product-type-variable"},"_links":{"self":[{"href":"https:\/\/comexbrindes.com.br\/site\/wp-json\/wp\/v2\/product\/3548","targetHints":{"allow":["GET"]}}],"collection":[{"href":"https:\/\/comexbrindes.com.br\/site\/wp-json\/wp\/v2\/product"}],"about":[{"href":"https:\/\/comexbrindes.com.br\/site\/wp-json\/wp\/v2\/types\/product"}],"version-history":[{"count":3,"href":"https:\/\/comexbrindes.com.br\/site\/wp-json\/wp\/v2\/product\/3548\/revisions"}],"predecessor-version":[{"id":6759,"href":"https:\/\/comexbrindes.com.br\/site\/wp-json\/wp\/v2\/product\/3548\/revisions\/6759"}],"wp:featuredmedia":[{"embeddable":true,"href":"https:\/\/comexbrindes.com.br\/site\/wp-json\/wp\/v2\/media\/3550"}],"wp:attachment":[{"href":"https:\/\/comexbrindes.com.br\/site\/wp-json\/wp\/v2\/media?parent=3548"}],"wp:term":[{"taxonomy":"product_cat","embeddable":true,"href":"https:\/\/comexbrindes.com.br\/site\/wp-json\/wp\/v2\/product_cat?post=3548"},{"taxonomy":"product_tag","embeddable":true,"href":"https:\/\/comexbrindes.com.br\/site\/wp-json\/wp\/v2\/product_tag?post=3548"}],"curies":[{"name":"wp","href":"https:\/\/api.w.org\/{rel}","templated":true}]}}