{"id":3535,"date":"2024-04-24T19:12:37","date_gmt":"2024-04-24T19:12:37","guid":{"rendered":"https:\/\/comexbrindes.com.br\/site\/?post_type=product&#038;p=3535"},"modified":"2025-01-22T14:23:56","modified_gmt":"2025-01-22T14:23:56","slug":"sacola-mochila-100-algodao-sp-65429","status":"publish","type":"product","link":"https:\/\/comexbrindes.com.br\/site\/produto\/sacola-mochila-100-algodao-sp-65429\/","title":{"rendered":"11 SACOLA MOCHILA 100% ALGOD\u00c3O &#8211; SP.65429"},"content":{"rendered":"<ul>\n<li>Sacola mochila.<\/li>\n<li>Tirantes 100% em algod\u00e3o.<\/li>\n<li><strong>Cor<\/strong> natural claro.<\/li>\n<li><strong>Tamanho:<\/strong> A41 x L37 cm.<\/li>\n<li><strong>Grava\u00e7\u00e3o<\/strong> tampografia um lado em uma cor.<\/li>\n<\/ul>\n","protected":false},"excerpt":{"rendered":"<p>Sacola mochila. Tirantes 100% em algod\u00e3o. Cor natural claro. Tamanho: A41 x L37 cm. Grava\u00e7\u00e3o tampografia um lado em uma cor.<\/p>\n","protected":false},"featured_media":3537,"template":"","meta":[],"product_cat":[76],"product_tag":[],"class_list":{"0":"post-3535","1":"product","2":"type-product","3":"status-publish","4":"has-post-thumbnail","6":"product_cat-sacolas","8":"first","9":"instock","10":"shipping-taxable","11":"product-type-variable"},"_links":{"self":[{"href":"https:\/\/comexbrindes.com.br\/site\/wp-json\/wp\/v2\/product\/3535","targetHints":{"allow":["GET"]}}],"collection":[{"href":"https:\/\/comexbrindes.com.br\/site\/wp-json\/wp\/v2\/product"}],"about":[{"href":"https:\/\/comexbrindes.com.br\/site\/wp-json\/wp\/v2\/types\/product"}],"version-history":[{"count":3,"href":"https:\/\/comexbrindes.com.br\/site\/wp-json\/wp\/v2\/product\/3535\/revisions"}],"predecessor-version":[{"id":6763,"href":"https:\/\/comexbrindes.com.br\/site\/wp-json\/wp\/v2\/product\/3535\/revisions\/6763"}],"wp:featuredmedia":[{"embeddable":true,"href":"https:\/\/comexbrindes.com.br\/site\/wp-json\/wp\/v2\/media\/3537"}],"wp:attachment":[{"href":"https:\/\/comexbrindes.com.br\/site\/wp-json\/wp\/v2\/media?parent=3535"}],"wp:term":[{"taxonomy":"product_cat","embeddable":true,"href":"https:\/\/comexbrindes.com.br\/site\/wp-json\/wp\/v2\/product_cat?post=3535"},{"taxonomy":"product_tag","embeddable":true,"href":"https:\/\/comexbrindes.com.br\/site\/wp-json\/wp\/v2\/product_tag?post=3535"}],"curies":[{"name":"wp","href":"https:\/\/api.w.org\/{rel}","templated":true}]}}