{"id":3493,"date":"2024-04-24T18:19:18","date_gmt":"2024-04-24T18:19:18","guid":{"rendered":"https:\/\/comexbrindes.com.br\/site\/?post_type=product&#038;p=3493"},"modified":"2025-01-27T20:13:40","modified_gmt":"2025-01-27T20:13:40","slug":"bombas-inox-personalizadas-ac-251g","status":"publish","type":"product","link":"https:\/\/comexbrindes.com.br\/site\/produto\/bombas-inox-personalizadas-ac-251g\/","title":{"rendered":"BOMBAS INOX PERSONALIZADAS &#8211; AC.251G"},"content":{"rendered":"<ul>\n<li>Bombas inox 24 cm.<\/li>\n<li>Acompanha saco algod\u00e3o preto.<\/li>\n<li><strong>Grava\u00e7\u00e3o:<\/strong> laser em um lado.<\/li>\n<\/ul>\n","protected":false},"excerpt":{"rendered":"<p>Bombas inox 24 cm. Acompanha saco algod\u00e3o preto. Grava\u00e7\u00e3o: laser em um lado.<\/p>\n","protected":false},"featured_media":3494,"template":"","meta":[],"product_cat":[75],"product_tag":[],"class_list":{"0":"post-3493","1":"product","2":"type-product","3":"status-publish","4":"has-post-thumbnail","6":"product_cat-chimarrao","8":"first","9":"instock","10":"shipping-taxable","11":"product-type-variable"},"_links":{"self":[{"href":"https:\/\/comexbrindes.com.br\/site\/wp-json\/wp\/v2\/product\/3493","targetHints":{"allow":["GET"]}}],"collection":[{"href":"https:\/\/comexbrindes.com.br\/site\/wp-json\/wp\/v2\/product"}],"about":[{"href":"https:\/\/comexbrindes.com.br\/site\/wp-json\/wp\/v2\/types\/product"}],"version-history":[{"count":3,"href":"https:\/\/comexbrindes.com.br\/site\/wp-json\/wp\/v2\/product\/3493\/revisions"}],"predecessor-version":[{"id":6878,"href":"https:\/\/comexbrindes.com.br\/site\/wp-json\/wp\/v2\/product\/3493\/revisions\/6878"}],"wp:featuredmedia":[{"embeddable":true,"href":"https:\/\/comexbrindes.com.br\/site\/wp-json\/wp\/v2\/media\/3494"}],"wp:attachment":[{"href":"https:\/\/comexbrindes.com.br\/site\/wp-json\/wp\/v2\/media?parent=3493"}],"wp:term":[{"taxonomy":"product_cat","embeddable":true,"href":"https:\/\/comexbrindes.com.br\/site\/wp-json\/wp\/v2\/product_cat?post=3493"},{"taxonomy":"product_tag","embeddable":true,"href":"https:\/\/comexbrindes.com.br\/site\/wp-json\/wp\/v2\/product_tag?post=3493"}],"curies":[{"name":"wp","href":"https:\/\/api.w.org\/{rel}","templated":true}]}}