{"id":3288,"date":"2024-04-23T18:47:53","date_gmt":"2024-04-23T18:47:53","guid":{"rendered":"https:\/\/comexbrindes.com.br\/site\/?post_type=product&#038;p=3288"},"modified":"2025-01-31T18:59:03","modified_gmt":"2025-01-31T18:59:03","slug":"caneta-esfero-aluminio-cores-as-0783-mc","status":"publish","type":"product","link":"https:\/\/comexbrindes.com.br\/site\/produto\/caneta-esfero-aluminio-cores-as-0783-mc\/","title":{"rendered":"28 CANETA ESFERO ALUM\u00cdNIO CORES &#8211; AS.0783.MC"},"content":{"rendered":"<ul>\n<li>Canetas esfero alum\u00ednio recicl\u00e1vel cores.<\/li>\n<li>Acionador bambu.<\/li>\n<li>Escrita em azul.<\/li>\n<li>Clip metal prata.<\/li>\n<li><strong>Tamanho:<\/strong> 14,5 x \u00f81,0 cm.<\/li>\n<li><strong>Cores:<\/strong> verde, preto, branco, azul, vermelho e chumbo.<\/li>\n<li><strong>Grava\u00e7\u00e3o:<\/strong> laser, 1 lado.<\/li>\n<\/ul>\n<p>&nbsp;<\/p>\n<p>&nbsp;<\/p>\n","protected":false},"excerpt":{"rendered":"<p>Canetas esfero alum\u00ednio recicl\u00e1vel cores. Acionador bambu. Escrita em azul. Clip metal prata. Tamanho: 14,5 x \u00f81,0 cm. Cores: verde, preto, branco, azul, vermelho e chumbo. Grava\u00e7\u00e3o: laser, 1 lado. &nbsp; &nbsp;<\/p>\n","protected":false},"featured_media":5520,"template":"","meta":[],"product_cat":[71],"product_tag":[],"class_list":{"0":"post-3288","1":"product","2":"type-product","3":"status-publish","4":"has-post-thumbnail","6":"product_cat-canetas-metal","8":"first","9":"instock","10":"shipping-taxable","11":"product-type-variable"},"_links":{"self":[{"href":"https:\/\/comexbrindes.com.br\/site\/wp-json\/wp\/v2\/product\/3288","targetHints":{"allow":["GET"]}}],"collection":[{"href":"https:\/\/comexbrindes.com.br\/site\/wp-json\/wp\/v2\/product"}],"about":[{"href":"https:\/\/comexbrindes.com.br\/site\/wp-json\/wp\/v2\/types\/product"}],"version-history":[{"count":5,"href":"https:\/\/comexbrindes.com.br\/site\/wp-json\/wp\/v2\/product\/3288\/revisions"}],"predecessor-version":[{"id":6950,"href":"https:\/\/comexbrindes.com.br\/site\/wp-json\/wp\/v2\/product\/3288\/revisions\/6950"}],"wp:featuredmedia":[{"embeddable":true,"href":"https:\/\/comexbrindes.com.br\/site\/wp-json\/wp\/v2\/media\/5520"}],"wp:attachment":[{"href":"https:\/\/comexbrindes.com.br\/site\/wp-json\/wp\/v2\/media?parent=3288"}],"wp:term":[{"taxonomy":"product_cat","embeddable":true,"href":"https:\/\/comexbrindes.com.br\/site\/wp-json\/wp\/v2\/product_cat?post=3288"},{"taxonomy":"product_tag","embeddable":true,"href":"https:\/\/comexbrindes.com.br\/site\/wp-json\/wp\/v2\/product_tag?post=3288"}],"curies":[{"name":"wp","href":"https:\/\/api.w.org\/{rel}","templated":true}]}}