{"id":3240,"date":"2024-04-23T18:26:44","date_gmt":"2024-04-23T18:26:44","guid":{"rendered":"https:\/\/comexbrindes.com.br\/site\/?post_type=product&#038;p=3240"},"modified":"2026-04-28T13:12:45","modified_gmt":"2026-04-28T13:12:45","slug":"mochila-de-ombro-poliester-divisorias-compartimento-para-notebook-18-mob-004","status":"publish","type":"product","link":"https:\/\/comexbrindes.com.br\/site\/produto\/mochila-de-ombro-poliester-divisorias-compartimento-para-notebook-18-mob-004\/","title":{"rendered":"MOCHILA DE OMBRO POLIESTER &#8211; AS.004"},"content":{"rendered":"<ul>\n<li>Mochila de ombro poli\u00e9ster preto<\/li>\n<li>Compartimento para <strong>notebook 18&#8243;<\/strong><\/li>\n<li>3 bolsos frontais com ziper, 2 bolsos laterais telados<\/li>\n<li>Al\u00e7a de m\u00e3o e ombro acolchoadas<\/li>\n<li><strong>Tamanho<\/strong>: 49 x 34 x 19 cm<\/li>\n<li><strong>Grava\u00e7\u00e3o<\/strong>\u00a0 bordado, 1 posi\u00e7\u00e3o<\/li>\n<\/ul>\n<p>&nbsp;<\/p>\n","protected":false},"excerpt":{"rendered":"<p>Mochila de ombro poli\u00e9ster preto Compartimento para notebook 18&#8243; 3 bolsos frontais com ziper, 2 bolsos laterais telados Al\u00e7a de m\u00e3o e ombro acolchoadas Tamanho: 49 x 34 x 19 cm Grava\u00e7\u00e3o\u00a0 bordado, 1 posi\u00e7\u00e3o &nbsp;<\/p>\n","protected":false},"featured_media":5107,"template":"","meta":[],"product_cat":[68],"product_tag":[],"class_list":{"0":"post-3240","1":"product","2":"type-product","3":"status-publish","4":"has-post-thumbnail","6":"product_cat-malas-mochilas","8":"first","9":"instock","10":"shipping-taxable","11":"product-type-variable"},"_links":{"self":[{"href":"https:\/\/comexbrindes.com.br\/site\/wp-json\/wp\/v2\/product\/3240","targetHints":{"allow":["GET"]}}],"collection":[{"href":"https:\/\/comexbrindes.com.br\/site\/wp-json\/wp\/v2\/product"}],"about":[{"href":"https:\/\/comexbrindes.com.br\/site\/wp-json\/wp\/v2\/types\/product"}],"version-history":[{"count":8,"href":"https:\/\/comexbrindes.com.br\/site\/wp-json\/wp\/v2\/product\/3240\/revisions"}],"predecessor-version":[{"id":8730,"href":"https:\/\/comexbrindes.com.br\/site\/wp-json\/wp\/v2\/product\/3240\/revisions\/8730"}],"wp:featuredmedia":[{"embeddable":true,"href":"https:\/\/comexbrindes.com.br\/site\/wp-json\/wp\/v2\/media\/5107"}],"wp:attachment":[{"href":"https:\/\/comexbrindes.com.br\/site\/wp-json\/wp\/v2\/media?parent=3240"}],"wp:term":[{"taxonomy":"product_cat","embeddable":true,"href":"https:\/\/comexbrindes.com.br\/site\/wp-json\/wp\/v2\/product_cat?post=3240"},{"taxonomy":"product_tag","embeddable":true,"href":"https:\/\/comexbrindes.com.br\/site\/wp-json\/wp\/v2\/product_tag?post=3240"}],"curies":[{"name":"wp","href":"https:\/\/api.w.org\/{rel}","templated":true}]}}