{"id":2973,"date":"2024-04-19T17:52:28","date_gmt":"2024-04-19T17:52:28","guid":{"rendered":"https:\/\/comexbrindes.com.br\/site\/?post_type=product&#038;p=2973"},"modified":"2025-11-04T16:42:06","modified_gmt":"2025-11-04T16:42:06","slug":"garrafa-termica-inox-12l-parede-dupla-as-0078-ag","status":"publish","type":"product","link":"https:\/\/comexbrindes.com.br\/site\/produto\/garrafa-termica-inox-12l-parede-dupla-as-0078-ag\/","title":{"rendered":"02 GARRAFA T\u00c9RMICA, INOX, 1,2L &#8211; AS.0078.AG"},"content":{"rendered":"<ul>\n<li>Garrafa t\u00e9rmica inox<\/li>\n<li>1,2L<\/li>\n<li>Parede dupla isolada a v\u00e1cuo<\/li>\n<li>Al\u00e7a refor\u00e7ada<\/li>\n<li>Tampa rosque\u00e1vel para servir e anel de silicone para veda\u00e7\u00e3o<\/li>\n<li><strong>Tamanho:<\/strong> 29 x 9,5 cm<\/li>\n<li><strong>Grava\u00e7\u00e3o: <\/strong>laser em um lado<\/li>\n<\/ul>\n<p>&nbsp;<\/p>\n","protected":false},"excerpt":{"rendered":"<p>Garrafa t\u00e9rmica inox 1,2L Parede dupla isolada a v\u00e1cuo Al\u00e7a refor\u00e7ada Tampa rosque\u00e1vel para servir e anel de silicone para veda\u00e7\u00e3o Tamanho: 29 x 9,5 cm Grava\u00e7\u00e3o: laser em um lado &nbsp;<\/p>\n","protected":false},"featured_media":6288,"template":"","meta":[],"product_cat":[65,77],"product_tag":[],"class_list":{"0":"post-2973","1":"product","2":"type-product","3":"status-publish","4":"has-post-thumbnail","6":"product_cat-garrafas-termicas","7":"product_cat-garrafas-e-squeezes","9":"first","10":"instock","11":"shipping-taxable","12":"product-type-variable"},"_links":{"self":[{"href":"https:\/\/comexbrindes.com.br\/site\/wp-json\/wp\/v2\/product\/2973","targetHints":{"allow":["GET"]}}],"collection":[{"href":"https:\/\/comexbrindes.com.br\/site\/wp-json\/wp\/v2\/product"}],"about":[{"href":"https:\/\/comexbrindes.com.br\/site\/wp-json\/wp\/v2\/types\/product"}],"version-history":[{"count":6,"href":"https:\/\/comexbrindes.com.br\/site\/wp-json\/wp\/v2\/product\/2973\/revisions"}],"predecessor-version":[{"id":7933,"href":"https:\/\/comexbrindes.com.br\/site\/wp-json\/wp\/v2\/product\/2973\/revisions\/7933"}],"wp:featuredmedia":[{"embeddable":true,"href":"https:\/\/comexbrindes.com.br\/site\/wp-json\/wp\/v2\/media\/6288"}],"wp:attachment":[{"href":"https:\/\/comexbrindes.com.br\/site\/wp-json\/wp\/v2\/media?parent=2973"}],"wp:term":[{"taxonomy":"product_cat","embeddable":true,"href":"https:\/\/comexbrindes.com.br\/site\/wp-json\/wp\/v2\/product_cat?post=2973"},{"taxonomy":"product_tag","embeddable":true,"href":"https:\/\/comexbrindes.com.br\/site\/wp-json\/wp\/v2\/product_tag?post=2973"}],"curies":[{"name":"wp","href":"https:\/\/api.w.org\/{rel}","templated":true}]}}