{"id":2852,"date":"2024-04-19T14:09:52","date_gmt":"2024-04-19T14:09:52","guid":{"rendered":"https:\/\/comexbrindes.com.br\/site\/?post_type=product&#038;p=2852"},"modified":"2026-04-27T20:12:06","modified_gmt":"2026-04-27T20:12:06","slug":"avental-em-algodao-reciclado-140gm%c2%b2-bolso-frontal-sp-21899","status":"publish","type":"product","link":"https:\/\/comexbrindes.com.br\/site\/produto\/avental-em-algodao-reciclado-140gm%c2%b2-bolso-frontal-sp-21899\/","title":{"rendered":"23 AVENTAL ALGOD\u00c3O RECICLADO &#8211; SP.21899"},"content":{"rendered":"<ul>\n<li>Avental em algod\u00e3o reciclado.<\/li>\n<li>(140 g\/m\u00b2) e bolso frontal.<\/li>\n<li><strong>Tamanho:<\/strong> 59,0 x 90,0 cm | Bolso 25,0 x 20,0 cm.<\/li>\n<li><strong>Cores:<\/strong> preto e natural.<\/li>\n<li><strong>Grava\u00e7\u00e3o:<\/strong> bordado, 1 posi\u00e7\u00e3o at\u00e9 15 cm.<\/li>\n<\/ul>\n","protected":false},"excerpt":{"rendered":"<p>Avental em algod\u00e3o reciclado. (140 g\/m\u00b2) e bolso frontal. Tamanho: 59,0 x 90,0 cm | Bolso 25,0 x 20,0 cm. Cores: preto e natural. Grava\u00e7\u00e3o: bordado, 1 posi\u00e7\u00e3o at\u00e9 15 cm.<\/p>\n","protected":false},"featured_media":8673,"template":"","meta":[],"product_cat":[64],"product_tag":[],"class_list":{"0":"post-2852","1":"product","2":"type-product","3":"status-publish","4":"has-post-thumbnail","6":"product_cat-churrasco","8":"first","9":"instock","10":"shipping-taxable","11":"product-type-variable"},"_links":{"self":[{"href":"https:\/\/comexbrindes.com.br\/site\/wp-json\/wp\/v2\/product\/2852","targetHints":{"allow":["GET"]}}],"collection":[{"href":"https:\/\/comexbrindes.com.br\/site\/wp-json\/wp\/v2\/product"}],"about":[{"href":"https:\/\/comexbrindes.com.br\/site\/wp-json\/wp\/v2\/types\/product"}],"version-history":[{"count":5,"href":"https:\/\/comexbrindes.com.br\/site\/wp-json\/wp\/v2\/product\/2852\/revisions"}],"predecessor-version":[{"id":6480,"href":"https:\/\/comexbrindes.com.br\/site\/wp-json\/wp\/v2\/product\/2852\/revisions\/6480"}],"wp:featuredmedia":[{"embeddable":true,"href":"https:\/\/comexbrindes.com.br\/site\/wp-json\/wp\/v2\/media\/8673"}],"wp:attachment":[{"href":"https:\/\/comexbrindes.com.br\/site\/wp-json\/wp\/v2\/media?parent=2852"}],"wp:term":[{"taxonomy":"product_cat","embeddable":true,"href":"https:\/\/comexbrindes.com.br\/site\/wp-json\/wp\/v2\/product_cat?post=2852"},{"taxonomy":"product_tag","embeddable":true,"href":"https:\/\/comexbrindes.com.br\/site\/wp-json\/wp\/v2\/product_tag?post=2852"}],"curies":[{"name":"wp","href":"https:\/\/api.w.org\/{rel}","templated":true}]}}