{"id":2656,"date":"2024-04-19T11:36:39","date_gmt":"2024-04-19T11:36:39","guid":{"rendered":"https:\/\/comexbrindes.com.br\/site\/?post_type=product&#038;p=2656"},"modified":"2026-02-20T16:55:54","modified_gmt":"2026-02-20T16:55:54","slug":"tabua-queijos-bambu-e-faca-gravacao-a-laser-sp-57939","status":"publish","type":"product","link":"https:\/\/comexbrindes.com.br\/site\/produto\/tabua-queijos-bambu-e-faca-gravacao-a-laser-sp-57939\/","title":{"rendered":"T\u00c1BUA QUEIJOS BAMBU COM FACA &#8211; SP.57939"},"content":{"rendered":"<ul>\n<li>T\u00e1bua queijo bambu.<\/li>\n<li>Faca inox.<\/li>\n<li><strong>Grava\u00e7\u00e3o<\/strong> tampografia somente na t\u00e1bua.<\/li>\n<li><strong>Tamanho:<\/strong> 30 x 26 x 1,5 cm<\/li>\n<li>Caixa presente kraft.<\/li>\n<\/ul>\n","protected":false},"excerpt":{"rendered":"<p>T\u00e1bua queijo bambu. Faca inox. Grava\u00e7\u00e3o tampografia somente na t\u00e1bua. Tamanho: 30 x 26 x 1,5 cm Caixa presente kraft.<\/p>\n","protected":false},"featured_media":5771,"template":"","meta":[],"product_cat":[95],"product_tag":[],"class_list":{"0":"post-2656","1":"product","2":"type-product","3":"status-publish","4":"has-post-thumbnail","6":"product_cat-queijo-vinho","8":"first","9":"instock","10":"shipping-taxable","11":"product-type-variable"},"_links":{"self":[{"href":"https:\/\/comexbrindes.com.br\/site\/wp-json\/wp\/v2\/product\/2656","targetHints":{"allow":["GET"]}}],"collection":[{"href":"https:\/\/comexbrindes.com.br\/site\/wp-json\/wp\/v2\/product"}],"about":[{"href":"https:\/\/comexbrindes.com.br\/site\/wp-json\/wp\/v2\/types\/product"}],"version-history":[{"count":8,"href":"https:\/\/comexbrindes.com.br\/site\/wp-json\/wp\/v2\/product\/2656\/revisions"}],"predecessor-version":[{"id":8451,"href":"https:\/\/comexbrindes.com.br\/site\/wp-json\/wp\/v2\/product\/2656\/revisions\/8451"}],"wp:featuredmedia":[{"embeddable":true,"href":"https:\/\/comexbrindes.com.br\/site\/wp-json\/wp\/v2\/media\/5771"}],"wp:attachment":[{"href":"https:\/\/comexbrindes.com.br\/site\/wp-json\/wp\/v2\/media?parent=2656"}],"wp:term":[{"taxonomy":"product_cat","embeddable":true,"href":"https:\/\/comexbrindes.com.br\/site\/wp-json\/wp\/v2\/product_cat?post=2656"},{"taxonomy":"product_tag","embeddable":true,"href":"https:\/\/comexbrindes.com.br\/site\/wp-json\/wp\/v2\/product_tag?post=2656"}],"curies":[{"name":"wp","href":"https:\/\/api.w.org\/{rel}","templated":true}]}}