{"id":2632,"date":"2024-04-18T18:35:07","date_gmt":"2024-04-18T18:35:07","guid":{"rendered":"https:\/\/comexbrindes.com.br\/site\/?post_type=product&#038;p=2632"},"modified":"2026-02-20T17:11:07","modified_gmt":"2026-02-20T17:11:07","slug":"kit-vinho-luxo-estojo-presente-preto-pb-772341","status":"publish","type":"product","link":"https:\/\/comexbrindes.com.br\/site\/produto\/kit-vinho-luxo-estojo-presente-preto-pb-772341\/","title":{"rendered":"KIT VINHO LUXO, ESTOJO PRESENTE &#8211; PB.772341"},"content":{"rendered":"<ul>\n<li>Kit vinho, estojo preto luxo presente<\/li>\n<li>Revestimento veludo vermelho<\/li>\n<li>5 pe\u00e7as: saca rolhas, corta gotas, tampa, corta lacre e dosador<\/li>\n<li><strong>Tamanho:<\/strong> 17,5 x 17,5 x 5 cm<\/li>\n<li><strong>Grava\u00e7\u00e3o:<\/strong> tampografia na tampa do estojo, 1 cor, 1 posi\u00e7\u00e3o<\/li>\n<\/ul>\n<p>&nbsp;<\/p>\n<p>&nbsp;<\/p>\n","protected":false},"excerpt":{"rendered":"<p>Kit vinho, estojo preto luxo presente Revestimento veludo vermelho 5 pe\u00e7as: saca rolhas, corta gotas, tampa, corta lacre e dosador Tamanho: 17,5 x 17,5 x 5 cm Grava\u00e7\u00e3o: tampografia na tampa do estojo, 1 cor, 1 posi\u00e7\u00e3o &nbsp; &nbsp;<\/p>\n","protected":false},"featured_media":7739,"template":"","meta":[],"product_cat":[95],"product_tag":[],"class_list":{"0":"post-2632","1":"product","2":"type-product","3":"status-publish","4":"has-post-thumbnail","6":"product_cat-queijo-vinho","8":"first","9":"instock","10":"shipping-taxable","11":"product-type-variable"},"_links":{"self":[{"href":"https:\/\/comexbrindes.com.br\/site\/wp-json\/wp\/v2\/product\/2632","targetHints":{"allow":["GET"]}}],"collection":[{"href":"https:\/\/comexbrindes.com.br\/site\/wp-json\/wp\/v2\/product"}],"about":[{"href":"https:\/\/comexbrindes.com.br\/site\/wp-json\/wp\/v2\/types\/product"}],"version-history":[{"count":9,"href":"https:\/\/comexbrindes.com.br\/site\/wp-json\/wp\/v2\/product\/2632\/revisions"}],"predecessor-version":[{"id":8457,"href":"https:\/\/comexbrindes.com.br\/site\/wp-json\/wp\/v2\/product\/2632\/revisions\/8457"}],"wp:featuredmedia":[{"embeddable":true,"href":"https:\/\/comexbrindes.com.br\/site\/wp-json\/wp\/v2\/media\/7739"}],"wp:attachment":[{"href":"https:\/\/comexbrindes.com.br\/site\/wp-json\/wp\/v2\/media?parent=2632"}],"wp:term":[{"taxonomy":"product_cat","embeddable":true,"href":"https:\/\/comexbrindes.com.br\/site\/wp-json\/wp\/v2\/product_cat?post=2632"},{"taxonomy":"product_tag","embeddable":true,"href":"https:\/\/comexbrindes.com.br\/site\/wp-json\/wp\/v2\/product_tag?post=2632"}],"curies":[{"name":"wp","href":"https:\/\/api.w.org\/{rel}","templated":true}]}}