{"id":2624,"date":"2024-04-18T18:30:12","date_gmt":"2024-04-18T18:30:12","guid":{"rendered":"https:\/\/comexbrindes.com.br\/site\/?post_type=product&#038;p=2624"},"modified":"2026-01-23T19:55:05","modified_gmt":"2026-01-23T19:55:05","slug":"jogo-porta-copos-suporte-bambu-6-pecas-gravacao-a-laser-ecoa-95420","status":"publish","type":"product","link":"https:\/\/comexbrindes.com.br\/site\/produto\/jogo-porta-copos-suporte-bambu-6-pecas-gravacao-a-laser-ecoa-95420\/","title":{"rendered":"18 JOGO PORTA COPOS BAMBU, 6 PE\u00c7AS &#8211; OK.95420"},"content":{"rendered":"<ul>\n<li>Porta copos bambu com suporte e 6 pe\u00e7as<\/li>\n<li><strong>Tamanho:<\/strong> <strong>suporte<\/strong>: 11,5 x 10,5 x 3,5 cm &#8211; <strong>porta copos<\/strong>: 9,5 x 0,5 cm<\/li>\n<li><strong>Grava\u00e7\u00e3o:<\/strong> tampografia 1 cor, 1 lado<\/li>\n<li>Embalagem shrink<\/li>\n<\/ul>\n<p>&nbsp;<\/p>\n<p>&nbsp;<\/p>\n","protected":false},"excerpt":{"rendered":"<p>Porta copos bambu com suporte e 6 pe\u00e7as Tamanho: suporte: 11,5 x 10,5 x 3,5 cm &#8211; porta copos: 9,5 x 0,5 cm Grava\u00e7\u00e3o: tampografia 1 cor, 1 lado Embalagem shrink &nbsp; &nbsp;<\/p>\n","protected":false},"featured_media":5809,"template":"","meta":[],"product_cat":[60],"product_tag":[],"class_list":{"0":"post-2624","1":"product","2":"type-product","3":"status-publish","4":"has-post-thumbnail","6":"product_cat-bar","8":"first","9":"instock","10":"shipping-taxable","11":"product-type-variable"},"_links":{"self":[{"href":"https:\/\/comexbrindes.com.br\/site\/wp-json\/wp\/v2\/product\/2624","targetHints":{"allow":["GET"]}}],"collection":[{"href":"https:\/\/comexbrindes.com.br\/site\/wp-json\/wp\/v2\/product"}],"about":[{"href":"https:\/\/comexbrindes.com.br\/site\/wp-json\/wp\/v2\/types\/product"}],"version-history":[{"count":8,"href":"https:\/\/comexbrindes.com.br\/site\/wp-json\/wp\/v2\/product\/2624\/revisions"}],"predecessor-version":[{"id":8240,"href":"https:\/\/comexbrindes.com.br\/site\/wp-json\/wp\/v2\/product\/2624\/revisions\/8240"}],"wp:featuredmedia":[{"embeddable":true,"href":"https:\/\/comexbrindes.com.br\/site\/wp-json\/wp\/v2\/media\/5809"}],"wp:attachment":[{"href":"https:\/\/comexbrindes.com.br\/site\/wp-json\/wp\/v2\/media?parent=2624"}],"wp:term":[{"taxonomy":"product_cat","embeddable":true,"href":"https:\/\/comexbrindes.com.br\/site\/wp-json\/wp\/v2\/product_cat?post=2624"},{"taxonomy":"product_tag","embeddable":true,"href":"https:\/\/comexbrindes.com.br\/site\/wp-json\/wp\/v2\/product_tag?post=2624"}],"curies":[{"name":"wp","href":"https:\/\/api.w.org\/{rel}","templated":true}]}}