{"id":2280,"date":"2024-04-17T19:52:41","date_gmt":"2024-04-17T19:52:41","guid":{"rendered":"https:\/\/comexbrindes.com.br\/site\/?post_type=product&#038;p=2280"},"modified":"2024-12-05T16:54:45","modified_gmt":"2024-12-05T16:54:45","slug":"moleskine-a5-capa-dura-preta-pautado-fechamento-elastico-e-suporte-para-caneta-sp-92739","status":"publish","type":"product","link":"https:\/\/comexbrindes.com.br\/site\/produto\/moleskine-a5-capa-dura-preta-pautado-fechamento-elastico-e-suporte-para-caneta-sp-92739\/","title":{"rendered":"20 MOLESKINE A5 CAPA DURA PRETA &#8211; SP.92739"},"content":{"rendered":"<ul>\n<li>Capa dura preta.<\/li>\n<li><strong>80 folhas pautadas marfim.<\/strong><\/li>\n<li>Fechamento el\u00e1stico colorido e suporte para caneta (n\u00e3o acompanha).<\/li>\n<li>Fita separadora.<\/li>\n<li><strong>Cores el\u00e1stico:<\/strong> azul royal, vermelho e cinza.<\/li>\n<li><strong>Tamanho:<\/strong> 14 x 21 cm.<\/li>\n<li><strong>Grava\u00e7\u00e3o:<\/strong> tampografia 1 cor, 1 posi\u00e7\u00e3o.<\/li>\n<\/ul>\n<p>&nbsp;<\/p>\n","protected":false},"excerpt":{"rendered":"<p>Capa dura preta. 80 folhas pautadas marfim. Fechamento el\u00e1stico colorido e suporte para caneta (n\u00e3o acompanha). Fita separadora. Cores el\u00e1stico: azul royal, vermelho e cinza. Tamanho: 14 x 21 cm. Grava\u00e7\u00e3o: tampografia 1 cor, 1 posi\u00e7\u00e3o. &nbsp;<\/p>\n","protected":false},"featured_media":5009,"template":"","meta":[],"product_cat":[56],"product_tag":[],"class_list":{"0":"post-2280","1":"product","2":"type-product","3":"status-publish","4":"has-post-thumbnail","6":"product_cat-blocos","8":"first","9":"instock","10":"shipping-taxable","11":"product-type-variable"},"_links":{"self":[{"href":"https:\/\/comexbrindes.com.br\/site\/wp-json\/wp\/v2\/product\/2280","targetHints":{"allow":["GET"]}}],"collection":[{"href":"https:\/\/comexbrindes.com.br\/site\/wp-json\/wp\/v2\/product"}],"about":[{"href":"https:\/\/comexbrindes.com.br\/site\/wp-json\/wp\/v2\/types\/product"}],"version-history":[{"count":6,"href":"https:\/\/comexbrindes.com.br\/site\/wp-json\/wp\/v2\/product\/2280\/revisions"}],"predecessor-version":[{"id":6056,"href":"https:\/\/comexbrindes.com.br\/site\/wp-json\/wp\/v2\/product\/2280\/revisions\/6056"}],"wp:featuredmedia":[{"embeddable":true,"href":"https:\/\/comexbrindes.com.br\/site\/wp-json\/wp\/v2\/media\/5009"}],"wp:attachment":[{"href":"https:\/\/comexbrindes.com.br\/site\/wp-json\/wp\/v2\/media?parent=2280"}],"wp:term":[{"taxonomy":"product_cat","embeddable":true,"href":"https:\/\/comexbrindes.com.br\/site\/wp-json\/wp\/v2\/product_cat?post=2280"},{"taxonomy":"product_tag","embeddable":true,"href":"https:\/\/comexbrindes.com.br\/site\/wp-json\/wp\/v2\/product_tag?post=2280"}],"curies":[{"name":"wp","href":"https:\/\/api.w.org\/{rel}","templated":true}]}}