{"id":2275,"date":"2024-04-17T19:49:28","date_gmt":"2024-04-17T19:49:28","guid":{"rendered":"https:\/\/comexbrindes.com.br\/site\/?post_type=product&#038;p=2275"},"modified":"2024-12-05T16:51:38","modified_gmt":"2024-12-05T16:51:38","slug":"moleskine-a5-capa-couro-sintetico-preto-pautado-fechamento-elastico-suporte-para-caneta-sp-71739","status":"publish","type":"product","link":"https:\/\/comexbrindes.com.br\/site\/produto\/moleskine-a5-capa-couro-sintetico-preto-pautado-fechamento-elastico-suporte-para-caneta-sp-71739\/","title":{"rendered":"19 MOLESKINE A5 CAPA COURO SINT\u00c9TICO PRETO &#8211; SP.71739"},"content":{"rendered":"<ul>\n<li>Moleskine A5 capa couro sint\u00e9tico preto.<\/li>\n<li>80 folhas pautadas brancas.<\/li>\n<li>Suporte para caneta.<\/li>\n<li>Fita separadora.<\/li>\n<li>Fechamento el\u00e1stico colorido: azul royal, vermelho, verde claro,<br \/>\namarelo e cinza.<\/li>\n<li><strong>Tamanho: <\/strong>14,0 x 21,0 cm<\/li>\n<li><strong>Grava\u00e7\u00e3o<\/strong>: tampografia 1 cor, 1 posi\u00e7\u00e3o<\/li>\n<\/ul>\n","protected":false},"excerpt":{"rendered":"<p>Moleskine A5 capa couro sint\u00e9tico preto. 80 folhas pautadas brancas. Suporte para caneta. Fita separadora. Fechamento el\u00e1stico colorido: azul royal, vermelho, verde claro, amarelo e cinza. Tamanho: 14,0 x 21,0 cm Grava\u00e7\u00e3o: tampografia 1 cor, 1 posi\u00e7\u00e3o<\/p>\n","protected":false},"featured_media":5924,"template":"","meta":[],"product_cat":[56],"product_tag":[],"class_list":{"0":"post-2275","1":"product","2":"type-product","3":"status-publish","4":"has-post-thumbnail","6":"product_cat-blocos","8":"first","9":"instock","10":"shipping-taxable","11":"product-type-variable"},"_links":{"self":[{"href":"https:\/\/comexbrindes.com.br\/site\/wp-json\/wp\/v2\/product\/2275","targetHints":{"allow":["GET"]}}],"collection":[{"href":"https:\/\/comexbrindes.com.br\/site\/wp-json\/wp\/v2\/product"}],"about":[{"href":"https:\/\/comexbrindes.com.br\/site\/wp-json\/wp\/v2\/types\/product"}],"version-history":[{"count":4,"href":"https:\/\/comexbrindes.com.br\/site\/wp-json\/wp\/v2\/product\/2275\/revisions"}],"predecessor-version":[{"id":6055,"href":"https:\/\/comexbrindes.com.br\/site\/wp-json\/wp\/v2\/product\/2275\/revisions\/6055"}],"wp:featuredmedia":[{"embeddable":true,"href":"https:\/\/comexbrindes.com.br\/site\/wp-json\/wp\/v2\/media\/5924"}],"wp:attachment":[{"href":"https:\/\/comexbrindes.com.br\/site\/wp-json\/wp\/v2\/media?parent=2275"}],"wp:term":[{"taxonomy":"product_cat","embeddable":true,"href":"https:\/\/comexbrindes.com.br\/site\/wp-json\/wp\/v2\/product_cat?post=2275"},{"taxonomy":"product_tag","embeddable":true,"href":"https:\/\/comexbrindes.com.br\/site\/wp-json\/wp\/v2\/product_tag?post=2275"}],"curies":[{"name":"wp","href":"https:\/\/api.w.org\/{rel}","templated":true}]}}