{"id":2264,"date":"2024-04-17T19:37:30","date_gmt":"2024-04-17T19:37:30","guid":{"rendered":"https:\/\/comexbrindes.com.br\/site\/?post_type=product&#038;p=2264"},"modified":"2025-01-22T15:02:19","modified_gmt":"2025-01-22T15:02:19","slug":"moleskine-executivo-capa-dura-algodao-canvas-sintetico-pautado-sp-52739","status":"publish","type":"product","link":"https:\/\/comexbrindes.com.br\/site\/produto\/moleskine-executivo-capa-dura-algodao-canvas-sintetico-pautado-sp-52739\/","title":{"rendered":"13 MOLESKINE EXECUTIVO, CAPA DURA ALGOD\u00c3O &#8211; SP.52739"},"content":{"rendered":"<ul>\n<li>Moleskine executivo capa dura algod\u00e3o canvas.<\/li>\n<li>96 folhas n\u00e3o pautadas marfim.<\/li>\n<li>Fechamento el\u00e1stico, fita separadora, suporte para caneta (n\u00e3o inclusa).<\/li>\n<li><strong>Tamanho:<\/strong> 14,8 x 21,0 cm.<\/li>\n<li><strong>Cores:<\/strong> preto, cinza e azul.<\/li>\n<li><strong>Grava\u00e7\u00e3o:<\/strong> tampografia 1 cor, 1 posi\u00e7\u00e3o.<\/li>\n<li>Embalagem bolsa TNT (18,5 x 24,0 cm).<\/li>\n<\/ul>\n","protected":false},"excerpt":{"rendered":"<p>Moleskine executivo capa dura algod\u00e3o canvas. 96 folhas n\u00e3o pautadas marfim. Fechamento el\u00e1stico, fita separadora, suporte para caneta (n\u00e3o inclusa). Tamanho: 14,8 x 21,0 cm. Cores: preto, cinza e azul. Grava\u00e7\u00e3o: tampografia 1 cor, 1 posi\u00e7\u00e3o. Embalagem bolsa TNT (18,5 x 24,0 cm).<\/p>\n","protected":false},"featured_media":5953,"template":"","meta":[],"product_cat":[56],"product_tag":[],"class_list":{"0":"post-2264","1":"product","2":"type-product","3":"status-publish","4":"has-post-thumbnail","6":"product_cat-blocos","8":"first","9":"instock","10":"shipping-taxable","11":"product-type-variable"},"_links":{"self":[{"href":"https:\/\/comexbrindes.com.br\/site\/wp-json\/wp\/v2\/product\/2264","targetHints":{"allow":["GET"]}}],"collection":[{"href":"https:\/\/comexbrindes.com.br\/site\/wp-json\/wp\/v2\/product"}],"about":[{"href":"https:\/\/comexbrindes.com.br\/site\/wp-json\/wp\/v2\/types\/product"}],"version-history":[{"count":5,"href":"https:\/\/comexbrindes.com.br\/site\/wp-json\/wp\/v2\/product\/2264\/revisions"}],"predecessor-version":[{"id":6771,"href":"https:\/\/comexbrindes.com.br\/site\/wp-json\/wp\/v2\/product\/2264\/revisions\/6771"}],"wp:featuredmedia":[{"embeddable":true,"href":"https:\/\/comexbrindes.com.br\/site\/wp-json\/wp\/v2\/media\/5953"}],"wp:attachment":[{"href":"https:\/\/comexbrindes.com.br\/site\/wp-json\/wp\/v2\/media?parent=2264"}],"wp:term":[{"taxonomy":"product_cat","embeddable":true,"href":"https:\/\/comexbrindes.com.br\/site\/wp-json\/wp\/v2\/product_cat?post=2264"},{"taxonomy":"product_tag","embeddable":true,"href":"https:\/\/comexbrindes.com.br\/site\/wp-json\/wp\/v2\/product_tag?post=2264"}],"curies":[{"name":"wp","href":"https:\/\/api.w.org\/{rel}","templated":true}]}}