{"id":2260,"date":"2024-04-17T19:34:36","date_gmt":"2024-04-17T19:34:36","guid":{"rendered":"https:\/\/comexbrindes.com.br\/site\/?post_type=product&#038;p=2260"},"modified":"2025-11-10T14:59:56","modified_gmt":"2025-11-10T14:59:56","slug":"moleskine-capa-dura-miolo-pautado-marcador-fechamento-com-elastico-fb-5a","status":"publish","type":"product","link":"https:\/\/comexbrindes.com.br\/site\/produto\/moleskine-capa-dura-miolo-pautado-marcador-fechamento-com-elastico-fb-5a\/","title":{"rendered":"26 MOLESKINE GRANDE, CAPA DURA, MIOLO PAUTADO &#8211; FB.P5A"},"content":{"rendered":"<ul>\n<li>Moleskine grande, capa dura em napa<\/li>\n<li>80 folhas pautadas<\/li>\n<li>El\u00e1stico e marcador<\/li>\n<li><strong>Tamanho:<\/strong> 21,0 x 14,0 cm<\/li>\n<li><strong>Cores:<\/strong> preto, azul, vermelho e laranja<\/li>\n<li><strong>Grava\u00e7\u00e3o:<\/strong> tampografia 1 cor, 1 lado (capa)<\/li>\n<\/ul>\n","protected":false},"excerpt":{"rendered":"<p>Moleskine grande, capa dura em napa 80 folhas pautadas El\u00e1stico e marcador Tamanho: 21,0 x 14,0 cm Cores: preto, azul, vermelho e laranja Grava\u00e7\u00e3o: tampografia 1 cor, 1 lado (capa)<\/p>\n","protected":false},"featured_media":7002,"template":"","meta":[],"product_cat":[56],"product_tag":[],"class_list":{"0":"post-2260","1":"product","2":"type-product","3":"status-publish","4":"has-post-thumbnail","6":"product_cat-blocos","8":"first","9":"instock","10":"shipping-taxable","11":"product-type-variable"},"_links":{"self":[{"href":"https:\/\/comexbrindes.com.br\/site\/wp-json\/wp\/v2\/product\/2260","targetHints":{"allow":["GET"]}}],"collection":[{"href":"https:\/\/comexbrindes.com.br\/site\/wp-json\/wp\/v2\/product"}],"about":[{"href":"https:\/\/comexbrindes.com.br\/site\/wp-json\/wp\/v2\/types\/product"}],"version-history":[{"count":8,"href":"https:\/\/comexbrindes.com.br\/site\/wp-json\/wp\/v2\/product\/2260\/revisions"}],"predecessor-version":[{"id":8051,"href":"https:\/\/comexbrindes.com.br\/site\/wp-json\/wp\/v2\/product\/2260\/revisions\/8051"}],"wp:featuredmedia":[{"embeddable":true,"href":"https:\/\/comexbrindes.com.br\/site\/wp-json\/wp\/v2\/media\/7002"}],"wp:attachment":[{"href":"https:\/\/comexbrindes.com.br\/site\/wp-json\/wp\/v2\/media?parent=2260"}],"wp:term":[{"taxonomy":"product_cat","embeddable":true,"href":"https:\/\/comexbrindes.com.br\/site\/wp-json\/wp\/v2\/product_cat?post=2260"},{"taxonomy":"product_tag","embeddable":true,"href":"https:\/\/comexbrindes.com.br\/site\/wp-json\/wp\/v2\/product_tag?post=2260"}],"curies":[{"name":"wp","href":"https:\/\/api.w.org\/{rel}","templated":true}]}}