{"id":2169,"date":"2024-04-17T19:17:43","date_gmt":"2024-04-17T19:17:43","guid":{"rendered":"https:\/\/comexbrindes.com.br\/site\/?post_type=product&#038;p=2169"},"modified":"2025-04-09T14:25:53","modified_gmt":"2025-04-09T14:25:53","slug":"bloco-anotacoes-ecologico-e-post-it-caneta-reciclada-fb-703-bh","status":"publish","type":"product","link":"https:\/\/comexbrindes.com.br\/site\/produto\/bloco-anotacoes-ecologico-e-post-it-caneta-reciclada-fb-703-bh\/","title":{"rendered":"27 BLOCO ANOTA\u00c7\u00d5ES ECOL\u00d3GICO E CANETA &#8211; FB.703.BH"},"content":{"rendered":"<ul>\n<li>Bloco de anota\u00e7\u00f5es ecol\u00f3gico.<\/li>\n<li>Post-it, fitas autoadesivas coloridas.<\/li>\n<li>Caneta esfero kraft.<\/li>\n<li>Fechamento com el\u00e1stico largo.<\/li>\n<li><strong>Cores:<\/strong> preto, vermelho, laranja e azul.<\/li>\n<li><strong>Tamanho:<\/strong> 18 x 14,4 x 2,0 cm<\/li>\n<li><strong>Grava\u00e7\u00e3o:<\/strong> tampografia 1 cor, 1 posi\u00e7\u00e3o.<\/li>\n<li>Embalagem saco pl\u00e1stico (unit\u00e1rio).<\/li>\n<\/ul>\n<p>&nbsp;<\/p>\n","protected":false},"excerpt":{"rendered":"<p>Bloco de anota\u00e7\u00f5es ecol\u00f3gico. Post-it, fitas autoadesivas coloridas. Caneta esfero kraft. Fechamento com el\u00e1stico largo. Cores: preto, vermelho, laranja e azul. Tamanho: 18 x 14,4 x 2,0 cm Grava\u00e7\u00e3o: tampografia 1 cor, 1 posi\u00e7\u00e3o. Embalagem saco pl\u00e1stico (unit\u00e1rio). &nbsp;<\/p>\n","protected":false},"featured_media":6998,"template":"","meta":[],"product_cat":[56],"product_tag":[],"class_list":{"0":"post-2169","1":"product","2":"type-product","3":"status-publish","4":"has-post-thumbnail","6":"product_cat-blocos","8":"first","9":"instock","10":"shipping-taxable","11":"product-type-variable"},"_links":{"self":[{"href":"https:\/\/comexbrindes.com.br\/site\/wp-json\/wp\/v2\/product\/2169","targetHints":{"allow":["GET"]}}],"collection":[{"href":"https:\/\/comexbrindes.com.br\/site\/wp-json\/wp\/v2\/product"}],"about":[{"href":"https:\/\/comexbrindes.com.br\/site\/wp-json\/wp\/v2\/types\/product"}],"version-history":[{"count":9,"href":"https:\/\/comexbrindes.com.br\/site\/wp-json\/wp\/v2\/product\/2169\/revisions"}],"predecessor-version":[{"id":6775,"href":"https:\/\/comexbrindes.com.br\/site\/wp-json\/wp\/v2\/product\/2169\/revisions\/6775"}],"wp:featuredmedia":[{"embeddable":true,"href":"https:\/\/comexbrindes.com.br\/site\/wp-json\/wp\/v2\/media\/6998"}],"wp:attachment":[{"href":"https:\/\/comexbrindes.com.br\/site\/wp-json\/wp\/v2\/media?parent=2169"}],"wp:term":[{"taxonomy":"product_cat","embeddable":true,"href":"https:\/\/comexbrindes.com.br\/site\/wp-json\/wp\/v2\/product_cat?post=2169"},{"taxonomy":"product_tag","embeddable":true,"href":"https:\/\/comexbrindes.com.br\/site\/wp-json\/wp\/v2\/product_tag?post=2169"}],"curies":[{"name":"wp","href":"https:\/\/api.w.org\/{rel}","templated":true}]}}